000
CXUS51 KCLE 081908
CLSMFD


CLIMATE REPORT
NATIONAL WEATHER SERVICE CLEVELAND OH
300 PM EDT SUN SEP 8 2019

...................................

...THE MANSFIELD OH CLIMATE SUMMARY FOR THE SEASON, FROM
6/1/2019 TO 8/31/2019...

CLIMATE NORMAL PERIOD 1981 TO 2010
CLIMATE RECORD PERIOD 1916 TO 2019

WEATHER         OBSERVED          NORMAL  DEPART
                 VALUE   DATE(S)  VALUE   FROM
                                          NORMAL
................................................
TEMPERATURE (F)
RECORD
 HIGH             105   07/21/1934
 LOW               32   08/30/1946
                        06/06/1945
HIGHEST            93   07/20
LOWEST             46   06/03
AVG. MAXIMUM     81.6              80.0     1.6
AVG. MINIMUM     62.6              59.6     3.0
MEAN             72.1              69.8     2.3
DAYS MAX >= 90      9               4.0
DAYS MAX <= 32      0               0.0
DAYS MIN <= 32      0               0.0
DAYS MIN <= 0       0               0.0

PRECIPITATION (INCHES)
RECORD
 MAXIMUM        23.23   1987
 MINIMUM         6.00   1967
TOTALS          18.13             13.50    4.63
DAYS >= .01        42              32.6
DAYS >= .10        31              21.9
DAYS >= .50        13               9.7
DAYS >= 1.00        3               3.7

SNOWFALL (INCHES)
RECORDS
 TOTAL             MM   MM
TOTALS            0.0               0.0
DAYS >= TRACE       0
DAYS >= 1.0         0               0.0

DEGREE_DAYS
HEATING TOTAL      30                79     -49
COOLING TOTAL     710               516     194
.................................................

WIND (MPH)
HIGHEST GUST SPEED/DIRECTION    45/320    DATE  08/18

SKY COVER
POSSIBLE SUNSHINE (PERCENT)   MM
NUMBER OF DAYS FAIR           62
NUMBER OF DAYS PC             18
NUMBER OF DAYS CLOUDY         12


WEATHER CONDITIONS. NUMBER OF DAYS WITH
THUNDERSTORM             24     MIXED PRECIP               0
HEAVY RAIN               30     RAIN                      24
LIGHT RAIN               44     FREEZING RAIN              0
LT FREEZING RAIN          0     HAIL                       0
HEAVY SNOW                0     SNOW                       0
LIGHT SNOW                0     SLEET                      0
FOG                      51     FOG W/VIS <= 1/4 MILE      9
HAZE                     30

-  INDICATES NEGATIVE NUMBERS.
R  INDICATES RECORD WAS SET OR TIED.
MM INDICATES DATA IS MISSING.
T  INDICATES TRACE AMOUNT.

$$
