441
CXUS51 KCLE 020302
CLSMFD


CLIMATE REPORT
NATIONAL WEATHER SERVICE CLEVELAND OH
957 PM EST SUN DEC 1 2019

...................................

...THE MANSFIELD OH CLIMATE SUMMARY FOR THE SEASON, FROM
9/1/2019 TO 11/30/2019...

CLIMATE NORMAL PERIOD 1981 TO 2010
CLIMATE RECORD PERIOD 1916 TO 2019

WEATHER         OBSERVED          NORMAL  DEPART
                 VALUE   DATE(S)  VALUE   FROM
                                          NORMAL
................................................
TEMPERATURE (F)
RECORD
 HIGH              95   09/10/2013
 LOW                2   11/30/1976
HIGHEST            91   09/13
                        09/11
LOWEST              6   11/13
AVG. MAXIMUM     64.4              61.4     3.0
AVG. MINIMUM     44.8              42.5     2.3
MEAN             54.6              52.0     2.6
DAYS MAX >= 90      3               0.3
DAYS MAX <= 32      2               2.0
DAYS MIN <= 32     18              18.5
DAYS MIN <= 0       0               0.0

PRECIPITATION (INCHES)
RECORD
 MAXIMUM        16.97   1926
 MINIMUM         2.39   1953
TOTALS           7.94             10.07   -2.13
DAYS >= .01        31              32.9
DAYS >= .10        20              19.3
DAYS >= .50         5               6.4
DAYS >= 1.00        2               2.4

SNOWFALL (INCHES)
RECORDS
 TOTAL           12.5   1993
TOTALS            3.1               2.7
DAYS >= TRACE       7
DAYS >= 1.0         1               0.9

DEGREE_DAYS
HEATING TOTAL    1127              1255    -128
COOLING TOTAL     201                71     130
.................................................

WIND (MPH)
HIGHEST GUST SPEED/DIRECTION    55/240    DATE  11/27

SKY COVER
POSSIBLE SUNSHINE (PERCENT)   MM
NUMBER OF DAYS FAIR           41
NUMBER OF DAYS PC             37
NUMBER OF DAYS CLOUDY         13


WEATHER CONDITIONS. NUMBER OF DAYS WITH
THUNDERSTORM              4     MIXED PRECIP               0
HEAVY RAIN                4     RAIN                      13
LIGHT RAIN               31     FREEZING RAIN              0
LT FREEZING RAIN          0     HAIL                       0
HEAVY SNOW                0     SNOW                       0
LIGHT SNOW                7     SLEET                      0
FOG                      44     FOG W/VIS <= 1/4 MILE      5
HAZE                     31

-  INDICATES NEGATIVE NUMBERS.
R  INDICATES RECORD WAS SET OR TIED.
MM INDICATES DATA IS MISSING.
T  INDICATES TRACE AMOUNT.

$$
