712
CXUS55 KLKN 030954
CLSTPH


CLIMATE REPORT
NATIONAL WEATHER SERVICE ELKO NV
233 AM PDT TUE SEP 3 2019

...................................

...THE TONOPAH AIRPORT NV CLIMATE SUMMARY FOR THE SEASON, FROM
6/1/2019 TO 8/31/2019...

CLIMATE NORMAL PERIOD 1981 TO 2010
CLIMATE RECORD PERIOD 1954 TO 2019

WEATHER         OBSERVED          NORMAL  DEPART  LAST YEAR`S
                 VALUE   DATE(S)  VALUE   FROM    VALUE  DATE(S)
                                          NORMAL
................................................................
TEMPERATURE (F)
RECORD
 HIGH             104   07/28/2016
                        07/18/1960
                        07/18/1960
 LOW               27   06/01/1971
HIGHEST            98   08/04       100      -2      100  08/10
                        07/22                             07/30
                                                          07/26
LOWEST             45   06/22        39       6       47  06/01
                        06/01
                        06/08
AVG. MAXIMUM     89.4              88.8     0.6     92.5
AVG. MINIMUM     56.0              54.8     1.2     59.5
MEAN             72.7              71.8     0.9     76.0
DAYS MAX >= 90     51              46.3     4.7       71
DAYS MAX <= 32      0               0.0     0.0        0
DAYS MIN <= 32      0               0.1    -0.1        0
DAYS MIN <= 0       0               0.0     0.0        0

PRECIPITATION (INCHES)
RECORD
 MAXIMUM         4.36   1984
 MINIMUM         0.18   1980
TOTALS           0.97              1.24   -0.27     1.45
DAILY AVG.       0.01              0.01    0.00     0.02
DAYS >= .01         8               8.3    -0.3       14
DAYS >= .10         1               3.3    -2.3        3
DAYS >= .50         1               0.5     0.5        1
DAYS >= 1.00        0               0.1    -0.1        0
GREATEST
 24 HR. TOTAL    0.64   MM                          0.59

DEGREE_DAYS
HEATING TOTAL      31                57     -26        6
 SINCE 7/1          0                 6      -6        0
COOLING TOTAL     761               686      75     1049
 SINCE 1/1        762               713      49     1083
.................................................................

WIND (MPH)
AVERAGE WIND SPEED              9.3
HIGHEST WIND SPEED/DIRECTION    46/260    DATE  06/15
HIGHEST GUST SPEED/DIRECTION    58/250    DATE  06/06

AVERAGE RH (PERCENT)     24

WEATHER CONDITIONS. NUMBER OF DAYS WITH
THUNDERSTORM             11     MIXED PRECIP               0
HEAVY RAIN                1     RAIN                       1
LIGHT RAIN                9     FREEZING RAIN              0
LT FREEZING RAIN          0     HAIL                       0
HEAVY SNOW                0     SNOW                       0
LIGHT SNOW                0     SLEET                      0
FOG                       0     FOG W/VIS <= 1/4 MILE      0
HAZE                      7

-  INDICATES NEGATIVE NUMBERS.
R  INDICATES RECORD WAS SET OR TIED.
MM INDICATES DATA IS MISSING.
T  INDICATES TRACE AMOUNT.

$$

=====================================================================

...A RECORD DAILY MINIMUM TEMPERATURE OF 48 DEGREES WAS SET ON AUGUST 10TH...
...A RECORD DAILY MAXIMUM TEMPERATURE OF 96 DEGREES WAS TIED ON AUGUST 27TH...
...A RECORD DAILY MAXIMUM TEMPERATURE OF 97 DEGREES WAS TIED ON AUGUST 28TH...

$$
DP
