983
CXUS53 KLSX 011839
CLSUIN


CLIMATE REPORT
NATIONAL WEATHER SERVICE ST LOUIS MO
1239 PM CST SUN DEC 01 2019

...................................

...THE QUINCY IL CLIMATE SUMMARY FOR THE SEASON, FROM
9/1/2019 TO 11/30/2019...

CLIMATE NORMAL PERIOD 1981 TO 2010
CLIMATE RECORD PERIOD 1901 TO 2019

WEATHER         OBSERVED          NORMAL  DEPART   LAST YEAR`S
                VALUE   DATE(S)   VALUE   FROM     VALUE
                                          NORMAL
..............................................................
TEMPERATURE (F)
RECORD
 HIGH            105   09/04/1913
 LOW             -11   11/30/1964
HIGHEST           91   09/12
                       09/16
LOWEST             5   11/12
AVG. MAXIMUM    64.0               64.5    -0.5
AVG. MINIMUM    44.9               44.6     0.3
MEAN            54.5               54.5    -0.0
DAYS MAX >= 90     3
DAYS MAX <= 32     2
DAYS MAX >= 100    0
DAYS MIN <= 32    21
DAYS MIN <= 0      0

PRECIPITATION (INCHES)
RECORD
 MAXIMUM       21.55   1977
 MINIMUM        2.39   1956
TOTALS          9.87               9.33    0.54
DAYS >= .01       29
DAYS >= .10       17
DAYS >= .50        8
DAYS >= 1.00       2
GREATEST
 24 HR. TOTAL   1.84   09/27 TO 09/28

...MISSING PRECIPITATION VALUE ON 11/11...


DEGREE DAYS
HEATING TOTAL   1224               1095     129
 SINCE 7/1      1226               1100     126
COOLING TOTAL    289                141     148
 SINCE 1/1      1346               1094     252
..............................................................

WIND (MPH)
HIGHEST WIND SPEED/DIRECTION    46/330    DATE  09/27
HIGHEST GUST SPEED/DIRECTION    60/340    DATE  09/27


WEATHER CONDITIONS. NUMBER OF DAYS WITH
THUNDERSTORM             11     HAIL                       0
FOG W/VIS <= 1/4 MILE     6

-  INDICATES NEGATIVE NUMBERS.
R  INDICATES RECORD WAS SET OR TIED.
MM INDICATES DATA IS MISSING.
T  INDICATES TRACE AMOUNT.

...SEASONAL...

TIED 6TH LEAST NUMBER OF OCCURRENCES WITH A MINIMUM TEMPERATURE GREATER
THAN OR EQUAL TO 60 DEGREES (25 DAYS).

....MONTHLY...

17TH COLDEST NOVEMBER ON RECORD (37.8 DEGREES).

9TH WARMEST SEPTEMBER ON RECORD (73.4 DEGREES).

...DAILY...

2 RECORD LOW MAXIMUM TEMPERATURES SET OR TIED (11/11 AND 10/31).

2 RECORD LOW TEMPERATURES SET OR TIED (11/12 AND 11/11).

3 RECORD HIGH MINIMUM TEMPERATURES SET OR TIED (10.02, 10.01 AND 9/30).

$$
