000
CXUS53 KLSX 011736 RRA
CLSUIN

CLIMATE REPORT
NATIONAL WEATHER SERVICE ST LOUIS MO
1212 PM CDT SUN SEP 1 2019

...................................

...THE QUINCY IL CLIMATE SUMMARY FOR THE SEASON, FROM
6/1/2019 TO 8/31/2019...

CLIMATE NORMAL PERIOD 1981 TO 2010
CLIMATE RECORD PERIOD 1901 TO 2019

WEATHER         OBSERVED          NORMAL  DEPART
                 VALUE   DATE(S)  VALUE   FROM
                                          NORMAL
................................................
TEMPERATURE (F)
RECORD
 HIGH             114   07/15/1936
 LOW               39   06/12/1903
HIGHEST            95   07/10
LOWEST             52   06/13
AVG. MAXIMUM     84.1              84.0     0.1
AVG. MINIMUM     65.7              64.4     1.3
MEAN             74.9              74.2     0.7
DAYS MAX >= 90     18
DAYS MAX <= 32      0
DAYS MIN <= 32      0
DAYS MIN <= 0       0

PRECIPITATION (INCHES)
RECORD
 MAXIMUM        21.85   1915
 MINIMUM         2.68   1936
TOTALS          11.50
DAYS >= .01        28
DAYS >= .10        16
DAYS >= .50         9
DAYS >= 1.00        4
GREATEST
 24 HR. TOTAL    1.61   08/20

DEGREE_DAYS
HEATING TOTAL       7                21     -14
 SINCE 7/1          2                 5      -3
COOLING TOTAL     947               868      79
 SINCE 1/1       1057               953     104
.................................................

WIND (MPH)
HIGHEST WIND SPEED/DIRECTION    40/330    DATE  06/22
HIGHEST GUST SPEED/DIRECTION    63/320    DATE  06/22

SKY COVER
NUMBER OF DAYS FAIR           65
NUMBER OF DAYS PC             23
NUMBER OF DAYS CLOUDY          4


WEATHER CONDITIONS. NUMBER OF DAYS WITH
THUNDERSTORM             19     FOG W/VIS <= 1/4 MILE      3

-  INDICATES NEGATIVE NUMBERS.
R  INDICATES RECORD WAS SET OR TIED.
MM INDICATES DATA IS MISSING.
T  INDICATES TRACE AMOUNT.

$$


...SEASONAL...

NO RECORDS OF NOTE.


...MONTHLY...

TIED 8TH LEAST OCCURRENCES WITH A MAXIMUM TEMPERATURE GREATER THAN
OR EQUAL TO 90 DEGREES WITHIN THE MONTH OF AUGUST (2 DAYS).

17TH WETTEST AUGUST ON RECORD (6.07 INCHES).

TIED 10TH MOST OCCURRENCES WITH AT LEAST ONE INCH OF RAINFALL WITHIN
THE MONTH OF AUGUST (3 DAYS).


...DAILY...

1 RECORD RAINFALL VALUE SET (1.49 INCHES ON 06/15. PREVIOUS 1.18
INCHES IN 1945).


GOSSELIN
