118
CXUS51 KPBZ 011731 CCA
CLSZZV

CLIMATE REPORT
NATIONAL WEATHER SERVICE PITTSBURGH PA
130 PM EDT SUN SEP 1 2019

...................................

...THE ZANESVILLE OH CLIMATE SUMMARY FOR THE SEASON, FROM
6/1/2019 TO 8/31/2019...

CLIMATE NORMAL PERIOD 1981 TO 2010
CLIMATE RECORD PERIOD 1895 TO 2019

WEATHER         OBSERVED          NORMAL  DEPART  LAST YEAR`S
                 VALUE   DATE(S)  VALUE   FROM    VALUE  DATE(S)
                                          NORMAL
................................................................
TEMPERATURE (F)
RECORD
 HIGH             106   07/14/1936
 LOW               31   06/11/1972
HIGHEST            92   07/21        84      08       MM  MM
                        07/20
LOWEST             47   06/11        57     -10       MM  MM
                        06/04
AVG. MAXIMUM     82.8              82.3     0.5       MM
AVG. MINIMUM     62.6              60.3     2.3       MM
MEAN             72.7              71.3     1.4       MM
DAYS MAX >= 90      9               8.9     0.1       MM
DAYS MAX <= 32      0               0.0     0.0       MM
DAYS MIN <= 32      0               0.0     0.0       MM
DAYS MIN <= 0       0               0.0     0.0       MM

PRECIPITATION (INCHES)
RECORD
 MAXIMUM        22.66   1980
 MINIMUM         2.14   1948
TOTALS          11.38             11.06    0.32       MM
DAILY AVG.       0.12              0.12    0.00       MM
DAYS >= .01        32              31.4     0.6       MM
DAYS >= .10        21              19.7     1.3       MM
DAYS >= .50         8               7.7     0.3       MM
DAYS >= 1.00        2               2.7    -0.7       MM
GREATEST
 24 HR. TOTAL    1.56

DEGREE_DAYS
HEATING TOTAL      22                43     -21       MM
 SINCE 7/1          0                11     -11       MM
COOLING TOTAL     756               623     133       MM
 SINCE 1/1        867               677     190       MM
.................................................................

WIND (MPH)
AVERAGE WIND SPEED              4.8
HIGHEST WIND SPEED/DIRECTION    31/230    DATE  06/25
HIGHEST GUST SPEED/DIRECTION    46/240    DATE  06/25

AVERAGE RH (PERCENT)     71

WEATHER CONDITIONS. NUMBER OF DAYS WITH
THUNDERSTORM             29     MIXED PRECIP               0
HEAVY RAIN               23     RAIN                      19
LIGHT RAIN               36     FREEZING RAIN              0
LT FREEZING RAIN          0     HAIL                       0
HEAVY SNOW                0     SNOW                       0
LIGHT SNOW                0     SLEET                      0
FOG                      57     FOG W/VIS <= 1/4 MILE      9
HAZE                      7

-  INDICATES NEGATIVE NUMBERS.
R  INDICATES RECORD WAS SET OR TIED.
MM INDICATES DATA IS MISSING.
T  INDICATES TRACE AMOUNT.

$$
