000
CXUS51 KPHI 011401
CLM55N
CLIMATE REPORT
NATIONAL WEATHER SERVICE MOUNT HOLLY NJ
1001 AM EDT SAT APR 01 2023
...................................
...THE ATLANTIC CITY MARINA NJ CLIMATE SUMMARY FOR THE MONTH OF MARCH 2023...
CLIMATE NORMAL PERIOD: 1991 TO 2020
CLIMATE RECORD PERIOD: 1873 TO 2023
WEATHER OBSERVED NORMAL DEPART LAST YEAR`S
VALUE DATE(S) VALUE FROM VALUE
NORMAL
..............................................................
TEMPERATURE (F)
RECORD
HIGH 86 03/13/1990
LOW 8 03/21/1885
03/04/1884
03/01/1884
HIGHEST 62 03/26 MM MM 63
LOWEST 31 03/19 MM MM 24
03/20
AVG. MAXIMUM 51.5 48.4 3.1 51.9
AVG. MINIMUM 39.1 36.9 2.2 39.8
MEAN 45.3 42.6 2.7 45.9
DAYS MAX >= 90 0 0.0 0.0 0
DAYS MAX <= 32 0 0.5 -0.5 0
DAYS MIN <= 32 3 8.3 -5.3 8
DAYS MIN <= 0 0 0.0 0.0 0
PRECIPITATION (INCHES)
RECORD
MAXIMUM 9.41 2010
MINIMUM 0.32 2006
TOTALS 1.69 4.27 -2.58 2.82
DAILY AVG. 0.05 0.14 -0.09 0.09
DAYS >= .01 11 10.9 0.1 10
DAYS >= .10 7 6.9 0.1 6
DAYS >= .50 0 3.0 -3.0 2
DAYS >= 1.00 0 1.1 -1.1 0
GREATEST
24 HR. TOTAL 0.36 03/03 TO 03/03 0.77
DEGREE DAYS
HEATING TOTAL 600 693 -93 587
SINCE 7/1 3219 3831 -612 MM
COOLING TOTAL 0 0 0 0
SINCE 1/1 0 0 0 MM
..............................................................
WIND (MPH)
AVERAGE WIND SPEED 8.9
HIGHEST WIND SPEED/DIRECTION 30/150 DATE 03/04
- INDICATES NEGATIVE NUMBERS.
R INDICATES RECORD WAS SET OR TIED.
MM INDICATES DATA IS MISSING.
T INDICATES TRACE AMOUNT.
$$