000
CXAK57 PAJK 050528
CLMAJK
NATIONAL WEATHER SERVICE JUNEAU AK
928 PM AKDT TUE JUL 04 2023
...................................
...THE JUNEAU CLIMATE SUMMARY FOR THE MONTH OF JUNE 2023...
CLIMATE NORMAL PERIOD: 1991 TO 2020
CLIMATE RECORD PERIOD: 1936 TO 2023
WEATHER OBSERVED NORMAL DEPART LAST YEAR`S
VALUE DATE(S) VALUE FROM VALUE
NORMAL
..............................................................
TEMPERATURE (F)
RECORD
HIGH 86 06/13/1969
LOW 31 06/03/1971
06/13/1965
06/07/1955
HIGHEST 78 06/19 77 1
LOWEST 37 06/15 38 -1
AVG. MAXIMUM 62.3 62.4 -0.1
AVG. MINIMUM 47.4 46.8 0.6
MEAN 54.8 54.6 0.2
DAYS MAX >= 90 0 0.0 0.0
DAYS MAX <= 32 0 0.0 0.0
DAYS MIN <= 32 0 0.0 0.0
DAYS MIN <= 0 0 0.0 0.0
PRECIPITATION (INCHES)
RECORD
MAXIMUM 7.48 2014
MINIMUM 1.08 1946
TOTALS 4.48 3.82 0.66
DAILY AVG. 0.15 0.13 0.02
DAYS >= .01 17 16.7 0.3
DAYS >= .10 10 8.8 1.2
DAYS >= .50 4 2.6 1.4
DAYS >= 1.00 0 0.5 -0.5
GREATEST
24 HR. TOTAL 0.98 06/28 TO 06/29
DEGREE DAYS
HEATING TOTAL 299 313 -14
SINCE 7/1 8048 8337 -289
COOLING TOTAL 2 1 1
SINCE 1/1 2 1 1
FREEZE DATES
EARLIEST 10/23 10/23
LATEST 05/05 05/09
..............................................................
WIND (MPH)
AVERAGE WIND SPEED 7.2
HIGHEST WIND SPEED/DIRECTION 29/110 DATE 06/16
HIGHEST GUST SPEED/DIRECTION 38/110 DATE 06/16
WEATHER CONDITIONS. NUMBER OF DAYS WITH
THUNDERSTORM 0 MIXED PRECIP 0
HEAVY RAIN 2 RAIN 8
LIGHT RAIN 21 FREEZING RAIN 0
LT FREEZING RAIN 0 HAIL 0
HEAVY SNOW 0 SNOW 0
LIGHT SNOW 0 SLEET 0
FOG 18 FOG W/VIS <= 1/4 MILE 0
HAZE 1
- INDICATES NEGATIVE NUMBERS.
R INDICATES RECORD WAS SET OR TIED.
MM INDICATES DATA IS MISSING.
T INDICATES TRACE AMOUNT.
$$
...ABOVE NORMAL RAINFALL FOR ALL AND ABOVE NORMAL TEMPERATURES FOR
MOST CLIMATE SITES FOR JUNE...
We`ll start off with the single exception, Yakutat`s temperature was
0.7 degrees below normal for the month. This was due to them having
the most rainy days from frontal systems and having a significant
amount of days of low marine layer stratus and fog, which was due to
a dirty ridge parked in place over the eastern Gulf in between the
frontal systems. Sitka was impacted by the marine layer, as well,
but for much less time, and their monthly average temperature was
1.2 degrees above normal. Ketchikan`s monthly average temperature
was 1.1 degree above normal. Juneau`s monthly average temperature
was 0.2 degrees above normal. The above normal values can be
attributed to appreciable warm air advection out ahead of several
frontal systems that moved over the area and a few extended periods
of sunny to partly cloudy skies that provided good radiative surface
heating.
For the majority of the last third of the month, a few weakening
frontal systems primarily tracked over a ridge of high pressure that
was parked over the eastern Gulf and Panhandle. This primarily
brought appreciable rainfall amounts to parts of the northern
Panhandle, while leaving the southern Panhandle mainly dry. For
periods behind the frontal systems, onshore flow and cooler air
aloft caused convective shower activity with some additional
topographic enhancement for the northern Panhandle, some of which
contained moderate to heavy rainfall, which made the spatial
distribution of rainfall totals highly variable for those
time frames. Earlier in the month, the frontal systems that moved
through the region came from a more westerly or southwesterly
direction, impacting the Panhandle much more evenly and giving the
southern Panhandle a higher proportion of the total rain received in
southeast Alaska.
Yakutat`s total monthly liquid precipitation was 2.66 inches above
normal. Sitka`s total rainfall was 1.9 inches above normal. Juneau`s
was 0.66 inches above normal, and Ketchikan`s was 0.39 inches above
normal. Heavier showers, which totaled 1.26 inches on the 28th
helped that site finally be above normal.
Chambers
$$