000
CXAK58 PAKN 011012
CLMAKN
CLIMATE REPORT
NATIONAL WEATHER SERVICE ANCHORAGE, AK
112 AM AKST THU FEB 01 2024
...................................
...THE KING SALMON CLIMATE SUMMARY FOR THE MONTH OF JANUARY 2024...
CLIMATE NORMAL PERIOD: 1991 TO 2020
CLIMATE RECORD PERIOD: 1917 TO 2024
WEATHER OBSERVED NORMAL DEPART LAST YEAR`S
VALUE DATE(S) VALUE FROM VALUE
NORMAL
..............................................................
TEMPERATURE (F)
RECORD
HIGH 53 MM
LOW -41 01/02/2020
HIGHEST 46 MM MM 44
LOWEST -23 MM MM -4
AVG. MAXIMUM 23.7 23.5 0.2 31.5
AVG. MINIMUM 12.2 9.8 2.4 15.6
MEAN 18.0 16.6 1.4 23.6
DAYS MAX >= 90 0 0.0 0.0 0
DAYS MAX <= 32 18 18.0 0.0 14
DAYS MIN <= 32 22 27.1 -5.1 29
DAYS MIN <= 0 11 10.6 0.4 3
PRECIPITATION (INCHES)
RECORD
MAXIMUM 1.38 2021
MINIMUM 0.96 2022
TOTALS 0.29R 0.93 -0.64 1.03
DAILY AVG. 0.01 0.03 -0.02 0.03
DAYS >= .01 6 10.0 -4.0 14
DAYS >= .10 0 3.3 -3.3 3
DAYS >= .50 0 0.1 -0.1 0
DAYS >= 1.00 0 0.0 0.0 0
GREATEST
24 HR. TOTAL 0.15 01/07 TO 01/08 0.30
STORM TOTAL 0.08 0.21
(MM/DD(HH))
DEGREE DAYS
HEATING TOTAL 1449 1499 -50 1278
SINCE 7/1 5992 6067 -75 MM
COOLING TOTAL 0 0 0 0
SINCE 1/1 0 0 0 MM
FREEZE DATES
RECORD
EARLIEST MM
LATEST MM
EARLIEST 09/08
LATEST 05/13
..............................................................
WIND (MPH)
AVERAGE WIND SPEED 12.6
RESULTANT WIND SPEED/DIRECTION 6/050
HIGHEST WIND SPEED/DIRECTION 45/100 DATE 01/11
HIGHEST GUST SPEED/DIRECTION 67/100 DATE 01/11
SKY COVER
POSSIBLE SUNSHINE (PERCENT) MM
AVERAGE SKY COVER 0.33
NUMBER OF DAYS FAIR 18
NUMBER OF DAYS PC 6
NUMBER OF DAYS CLOUDY 7
AVERAGE RH (PERCENT) 67
WEATHER CONDITIONS. NUMBER OF DAYS WITH
THUNDERSTORM 0 MIXED PRECIP 0
HEAVY RAIN 0 RAIN 0
LIGHT RAIN 3 FREEZING RAIN 0
LT FREEZING RAIN 1 HAIL 0
HEAVY SNOW 0 SNOW 0
LIGHT SNOW 5 SLEET 0
FOG 8 FOG W/VIS <= 1/4 MILE 2
HAZE 6
- INDICATES NEGATIVE NUMBERS.
R INDICATES RECORD WAS SET OR TIED.
MM INDICATES DATA IS MISSING.
T INDICATES TRACE AMOUNT.
$$