000
CXUS56 KPDT 011640
CLMALW
CLIMATE REPORT
NATIONAL WEATHER SERVICE PENDLETON, OR
840 AM PST FRI DEC 01 2023
...................................
...THE WALLA WALLA WA CLIMATE SUMMARY FOR THE MONTH OF NOVEMBER 2023...
CLIMATE NORMAL PERIOD 1991 TO 2020
CLIMATE RECORD PERIOD 1949 TO 2023
WEATHER OBSERVED NORMAL DEPART LAST YEAR`S
VALUE DATE(S) VALUE FROM VALUE DATE(S)
NORMAL
................................................................
TEMPERATURE (F)
RECORD
HIGH 81 11/12/1999
LOW -11 11/23/1985
HIGHEST 67 11/04 60 11/05
LOWEST 21 11/26 19 11/19
11/20
AVG. MAXIMUM 45.4 49.2 -3.8 40.4
AVG. MINIMUM 33.9 35.6 -1.7 29.0
MEAN 39.7 42.4 -2.7 34.7
DAYS MAX >= 90 0 0.0 0.0 MM
DAYS MAX <= 32 5 2.3 2.7 MM
DAYS MIN <= 32 13 10.3 2.7 MM
DAYS MIN <= 0 0 0.1 -0.1 MM
PRECIPITATION (INCHES)
RECORD
MAXIMUM 5.11 1973
MINIMUM 0.50 1976
TOTALS 2.10 2.25 -0.15 3.18
DAILY AVG. 0.07 0.08 -0.01 0.11
DAYS >= .01 11 13.1 -2.1 MM
DAYS >= .10 7 6.8 0.2 MM
DAYS >= .50 1 0.8 0.2 MM
DAYS >= 1.00 1 0.2 0.8 MM
GREATEST
24 HR. TOTAL 1.08 11/04 TO 11/05 1.14 10/31 TO 11/01
DEGREE DAYS
HEATING TOTAL 754 678 76 902
SINCE 7/1 1192 1114 78
COOLING TOTAL 0 0 0 0
SINCE 1/1 1071 937 134
................................................................
WIND (MPH)
AVERAGE WIND SPEED 5.6
RESULTANT WIND SPEED/DIRECTION 3/190
HIGHEST WIND SPEED/DIRECTION 31/230 DATE 11/11
HIGHEST GUST SPEED/DIRECTION 42/220 DATE 11/11
AVERAGE RH (PERCENT) 84
WEATHER CONDITIONS. NUMBER OF DAYS WITH
THUNDERSTORM 1 MIXED PRECIP 0
HEAVY RAIN 1 RAIN 6
LIGHT RAIN 14 FREEZING RAIN 0
LT FREEZING RAIN 0 HAIL 0
HEAVY SNOW 0 SNOW 0
LIGHT SNOW 2 SLEET 0
FOG 23 FOG W/VIS <= 1/4 MILE 13
HAZE 3
- INDICATES NEGATIVE NUMBERS.
R INDICATES RECORD WAS SET OR TIED.
MM INDICATES DATA IS MISSING.
T INDICATES TRACE AMOUNT.
$$