000
CXUS53 KDLH 021103
CLMASX
CLIMATE REPORT
NATIONAL WEATHER SERVICE DULUTH MN
603 AM CDT SUN APR 02 2023
...................................
...THE ASHLAND CLIMATE SUMMARY FOR THE MONTH OF MARCH 2023...
CLIMATE NORMAL PERIOD: 1991 TO 2020
CLIMATE RECORD PERIOD: 1893 TO 2023
WEATHER OBSERVED NORMAL DEPART LAST YEAR`S
VALUE DATE(S) VALUE FROM VALUE DATE(S)
NORMAL
................................................................
TEMPERATURE (F)
RECORD
HIGH 84 03/28/1946
LOW -30 03/07/1984
03/01/1962
HIGHEST 47 03/24 MM MM 57 03/20
LOWEST -9 03/14 MM MM -10 03/10
AVG. MAXIMUM 35.1 37.8 -2.7 33.8
AVG. MINIMUM 15.1 17.9 -2.8 15.5
MEAN 25.1 27.9 -2.8 24.6
DAYS MAX >= 90 0 0.0 0.0 0
DAYS MAX <= 32 11 10.0 1.0 14
DAYS MIN <= 32 31 27.9 3.1 29
DAYS MIN <= 0 2 3.0 -1.0 4
PRECIPITATION (INCHES)
RECORD
MAXIMUM 5.87 1977
MINIMUM T 2013
TOTALS 2.86 1.12 1.74 1.24
DAILY AVG. 0.09 0.04 0.05 0.04
DAYS >= .01 12 7.8 4.2 7
DAYS >= .10 8 3.4 4.6 4
DAYS >= .50 2 0.3 1.7 0
DAYS >= 1.00 0 0.1 -0.1 0
GREATEST
24 HR. TOTAL 0.68 03/01 TO 03/01
DEGREE DAYS
HEATING TOTAL 1227 1152 75 1242
SINCE 7/1 7181 7445 -264 MM
COOLING TOTAL 0 0 0 0
SINCE 1/1 0 0 0 MM
................................................................
WIND (MPH)
AVERAGE WIND SPEED 9.6
HIGHEST WIND SPEED/DIRECTION 36/040 DATE 03/31
HIGHEST GUST SPEED/DIRECTION 51/040 DATE 03/31
SKY COVER
POSSIBLE SUNSHINE (PERCENT) MM
AVERAGE SKY COVER 0.57
NUMBER OF DAYS FAIR 11
NUMBER OF DAYS PC 9
NUMBER OF DAYS CLOUDY 11
AVERAGE RH (PERCENT) 72
WEATHER CONDITIONS. NUMBER OF DAYS WITH
THUNDERSTORM 0 MIXED PRECIP 0
HEAVY RAIN 0 RAIN 0
LIGHT RAIN 1 FREEZING RAIN 0
LT FREEZING RAIN 1 HAIL 0
HEAVY SNOW 2 SNOW 6
LIGHT SNOW 18 SLEET 0
FOG 20 FOG W/VIS <= 1/4 MILE 6
HAZE 8
- INDICATES NEGATIVE NUMBERS.
R INDICATES RECORD WAS SET OR TIED.
MM INDICATES DATA IS MISSING.
T INDICATES TRACE AMOUNT.
$$
PRECIPITATION DATA HAS BEEN SUBSTITUTED WITH ASXW3 COOP STATION DUE TO SUSPECTED UNDERESTIMATES FROM THE ASOS RAIN GAUGE IN BELOW-FREEZING TEMPERATURES. PRECIPITATION TOTALS REFLECT VALUES FROM 8 AM UNTIL 8 AM.