000
CXUS53 KDLH 012250
CLMASX
CLIMATE REPORT
NATIONAL WEATHER SERVICE DULUTH MN
450 PM CST THU FEB 01 2024
...................................
...THE ASHLAND CLIMATE SUMMARY FOR THE MONTH OF JANUARY 2024...
CLIMATE NORMAL PERIOD: 1991 TO 2020
CLIMATE RECORD PERIOD: 1893 TO 2024
WEATHER OBSERVED NORMAL DEPART LAST YEAR`S
VALUE DATE(S) VALUE FROM VALUE DATE(S)
NORMAL
................................................................
TEMPERATURE (F)
RECORD
HIGH 58 01/23/1909
LOW -41 01/17/1982
HIGHEST 44 01/31 MM MM 41 01/15
LOWEST -9 01/15 MM MM -13 01/30
AVG. MAXIMUM 26.9 22.3 4.6 26.2
AVG. MINIMUM 16.1 5.8 10.3 14.3
MEAN 21.5 14.0 7.5 20.3
DAYS MAX >= 90 0 0.0 0.0 0
DAYS MAX <= 32 20 24.6 -4.6 25
DAYS MIN <= 32 27 30.6 -3.6 31
DAYS MIN <= 0 7 11.0 -4.0 6
PRECIPITATION (INCHES)
RECORD
MAXIMUM 4.41 MM
MINIMUM T 2003
TOTALS 0.71 0.64 0.07 4.38
DAILY AVG. 0.02 0.02 -0.00 0.14
DAYS >= .01 10 6.7 3.3 13
DAYS >= .10 4 1.6 2.4 8
DAYS >= .50 0 0.1 -0.1 3
DAYS >= 1.00 0 0.0 0.0 2
GREATEST
24 HR. TOTAL 0.19 01/12 TO 01/12
DEGREE DAYS
HEATING TOTAL 1344 1579 -235 1379
SINCE 7/1 4043 4955 -912 MM
COOLING TOTAL 0 0 0 0
SINCE 1/1 0 0 0 MM
................................................................
WIND (MPH)
AVERAGE WIND SPEED 7.9
HIGHEST WIND SPEED/DIRECTION 33/040 DATE 01/12
HIGHEST GUST SPEED/DIRECTION 45/040 DATE 01/12
SKY COVER
POSSIBLE SUNSHINE (PERCENT) MM
AVERAGE SKY COVER 0.82
NUMBER OF DAYS FAIR 2
NUMBER OF DAYS PC 6
NUMBER OF DAYS CLOUDY 23
AVERAGE RH (PERCENT) 76
WEATHER CONDITIONS. NUMBER OF DAYS WITH
THUNDERSTORM 0 MIXED PRECIP 0
HEAVY RAIN 0 RAIN 0
LIGHT RAIN 0 FREEZING RAIN 0
LT FREEZING RAIN 1 HAIL 0
HEAVY SNOW 0 SNOW 2
LIGHT SNOW 15 SLEET 0
FOG 15 FOG W/VIS <= 1/4 MILE 4
HAZE 11
- INDICATES NEGATIVE NUMBERS.
R INDICATES RECORD WAS SET OR TIED.
MM INDICATES DATA IS MISSING.
T INDICATES TRACE AMOUNT.
$$
NOTE: PRECIPITATION DATA FOR THIS MONTH HAS BEEN SUBSTITUTED
WITH ASXW3 COOP STATION DATA DUE TO SUSPECTED UNDERESTIMATES
FROM THE ASOS RAIN GAUGE IN BELOW-FREEZING TEMPERATURES.
PRECIPITATION TOTALS FOR THESE DATES REFLECT VALUES FROM 8 AM
UNTIL 8 AM.