000
CXUS54 KEWX 012227
CLMAUS
CLIMATE REPORT
NATIONAL WEATHER SERVICE AUSTIN/SAN ANTONIO
422 PM CST FRI MAR 01 2024
...................................
...THE AUSTIN BERGSTROM CLIMATE SUMMARY FOR THE MONTH OF FEBRUARY 2024...
CLIMATE NORMAL PERIOD: 1991 TO 2020
CLIMATE RECORD PERIOD: 1943 TO 2024
WEATHER OBSERVED NORMAL DEPART LAST YEAR`S
VALUE DATE(S) VALUE FROM VALUE DATE(S)
NORMAL
................................................................
TEMPERATURE (F)
HIGHEST 87 02/22 90 02/22
LOWEST 28 02/19 24 02/18
AVG. MAXIMUM 70.1 66.4 3.7 68.0
AVG. MINIMUM 46.0 42.1 3.9 40.3
MEAN 58.0 54.2 3.8 54.1
DAYS MAX >= 90 0 1
DAYS MAX <= 32 0 0
DAYS MIN <= 32 3 6
DAYS MIN <= 0 0 0
PRECIPITATION (INCHES)
TOTALS 2.09 1.89 0.20 1.51
DAILY AVG. 0.07 NAN NAN 0.05
DAYS >= .01 5 7
DAYS >= .10 3 3
DAYS >= .50 2 1
DAYS >= 1.00 1 1
GREATEST
24 HR. TOTAL 1.21 02/02 TO 02/03
SNOWFALL (INCHES)
TOTALS 0.0 0.1 -0.1 0.0
SINCE 7/1 T 0.2 -0.2 MM
DEGREE DAYS
HEATING TOTAL 223 321 -98 315
SINCE 7/1 1386 1496 -110 MM
COOLING TOTAL 29 20 9 19
SINCE 1/1 29 28 1 MM
................................................................
WIND (MPH)
AVERAGE WIND SPEED 8.8
HIGHEST WIND SPEED/DIRECTION 35/010 DATE 02/28
HIGHEST GUST SPEED/DIRECTION 46/010 DATE 02/28
SKY COVER
POSSIBLE SUNSHINE (PERCENT) MM
AVERAGE SKY COVER 0.59
NUMBER OF DAYS FAIR 10
NUMBER OF DAYS PC 9
NUMBER OF DAYS CLOUDY 10
AVERAGE RH (PERCENT) 71
WEATHER CONDITIONS. NUMBER OF DAYS WITH
THUNDERSTORM 2 MIXED PRECIP 0
HEAVY RAIN 2 RAIN 2
LIGHT RAIN 6 FREEZING RAIN 0
LT FREEZING RAIN 0 HAIL 0
HEAVY SNOW 0 SNOW 0
LIGHT SNOW 0 SLEET 0
FOG 10 FOG W/VIS <= 1/4 MILE 0
HAZE 1
- INDICATES NEGATIVE NUMBERS.
R INDICATES RECORD WAS SET OR TIED.
MM INDICATES DATA IS MISSING.
T INDICATES TRACE AMOUNT.
&&
MONTHLY CLIMATE SUMMARY:
FEBRUARY 2024 WAS THE 16TH WARMEST AND
44TH DRIEST JANUARY ON RECORD.
SEA LEVEL PRESSURE DATA:
HIGHEST SLP 30.37 ON THE 28TH
LOWEST SLP 29.52 ON THE 3RD
PRELIMINARY LOCAL CLIMATOLOGICAL DATA (WS FORM: F-6)
STATION: AUSTIN BERGSTROM
MONTH: FEBRUARY
YEAR: 2024
LATITUDE: 30 13 N
LONGITUDE: 97 40 W
TEMPERATURE IN F: :PCPN: SNOW: WIND :SUNSHINE: SKY :PK WND
================================================================================
1 2 3 4 5 6A 6B 7 8 9 10 11 12 13 14 15 16 17 18
12Z AVG MX 2MIN
DY MAX MIN AVG DEP HDD CDD WTR SNW DPTH SPD SPD DIR MIN PSBL S-S WX SPD DR
================================================================================
1 73 40 57 5 8 0 0.00 0.0 0 6.0 17 200 M M 5 25 180
2 68 59 64 12 1 0 1.11 0.0 0 8.4 25 190 M M 10 13 42 180
3 72 44 58 6 7 0 0.10 0.0 0 6.6 21 90 M M 6 25 100
4 68 46 57 5 8 0 0.00 0.0 0 11.7 28 310 M M 3 44 290
5 64 40 52 0 13 0 0.00 0.0 0 11.8 24 350 M M 5 33 320
6 69 36 53 0 12 0 0.00 0.0 0 2.0 8 130 M M 3 14 110
7 71 37 54 1 11 0 0.00 0.0 0 10.5 24 180 M M 6 1 32 170
8 73 57 65 12 0 0 0.00 0.0 0 2.2 16 130 M M 9 20 140
9 75 60 68 15 0 3 0.00 0.0 0 6.8 18 180 M M 9 1 25 180
10 66 59 63 10 2 0 0.80 0.0 0 7.2 15 30 M M 10 13 21 340
11 60 47 54 0 11 0 0.04 0.0 0 9.7 18 350 M M 9 1 26 350
12 61 36 49 -5 16 0 0.00 0.0 0 10.8 22 330 M M 3 34 330
13 67 31 49 -5 16 0 0.00 0.0 0 4.8 15 200 M M 1 22 180
14 68 35 52 -2 13 0 0.00 0.0 0 5.6 15 180 M M 6 20 180
15 69 56 63 9 2 0 0.00 0.0 0 4.3 13 190 M M 10 16 190
16 73 52 63 9 2 0 0.00 0.0 0 10.7 25 360 M M 9 32 190
17 52 37 45 -10 20 0 0.00 0.0 0 20.3 31 10 M M 7 38 360
18 54 32 43 -12 22 0 0.00 0.0 0 6.3 14 360 M M 3 18 360
19 68 28 48 -7 17 0 0.00 0.0 0 6.8 21 190 M M 0 27 190
20 79 35 57 2 8 0 0.00 0.0 0 6.8 17 170 M M 2 22 170
21 77 57 67 11 0 2 T 0.0 0 14.0 25 190 M M 7 1 37 180
22 87 64 76 20 0 11 0.00 0.0 0 10.4 25 180 M M 6 31 200
23 75 48 62 6 3 0 0.00 0.0 0 8.9 20 10 M M 2 27 50
24 79 42 61 5 4 0 0.00 0.0 0 6.2 15 180 M M 3 23 210
25 83 42 63 7 2 0 0.00 0.0 0 10.1 23 200 M M 3 34 200
26 82 56 69 12 0 4 0.00 0.0 0 9.6 18 190 M M 7 1 26 180
27 80 67 74 17 0 9 0.00 0.0 0 9.9 16 190 M M 9 18 24 190
28 70 47 59 2 6 0 0.00 0.0 0 18.4 35 10 M M 9 1 46 10
29 49 43 46 -11 19 0 0.04 0.0 0 9.1 18 10 M M 10 1 23 30
================================================================================
SM 2032 1333 223 29 2.09 0.0 255.9 M 172
================================================================================
AV 70.1 46.0 8.8 FASTST M M 6 MAX(MPH)
MISC ----> 35 10 46 10
================================================================================
NOTES:
# LAST OF SEVERAL OCCURRENCES
COLUMN 17 PEAK WIND IN M.P.H.
SYMBOLS USED IN COLUMN 16
1 = FOG OR MIST
2 = FOG REDUCING VISIBILITY TO 1/4 MILE OR LESS
3 = THUNDER
4 = ICE PELLETS
5 = HAIL
6 = FREEZING RAIN OR DRIZZLE
7 = DUSTSTORM OR SANDSTORM: VSBY 1/2 MILE OR LESS
8 = SMOKE OR HAZE
9 = BLOWING SNOW
X = TORNADO
$$