000
CXUS52 KGSP 011356
CLMAVL
CLIMATE REPORT
NATIONAL WEATHER SERVICE GREENVILLE-SPARTANBURG SC
856 AM EST THU FEB 01 2024
...................................
...THE ASHEVILLE NC CLIMATE SUMMARY FOR THE MONTH OF JANUARY 2024...
CLIMATE NORMAL PERIOD 1991 TO 2020
CLIMATE RECORD PERIOD 1869 TO 2024
WEATHER OBSERVED NORMAL DEPART LAST YEAR`S
VALUE DATE(S) VALUE FROM VALUE DATE(S)
NORMAL
................................................................
TEMPERATURE (F)
RECORD
HIGH 80 01/27/1999
LOW -16 01/21/1985
HIGHEST 71 01/26 MM MM 66 01/02
LOWEST 10 01/17 MM MM 22 01/28
AVG. MAXIMUM 47.2 48.9 -1.7 53.5
AVG. MINIMUM 28.4 28.6 -0.2 34.0
MEAN 37.8 38.7 -0.9 43.7
DAYS MAX >= 90 0 0.0 0.0 0
DAYS MAX <= 32 1 2.7 -1.7 0
DAYS MIN <= 32 21 21.6 -0.6 14
DAYS MIN <= 0 0 0.1 -0.1 0
PRECIPITATION (INCHES)
RECORD
MAXIMUM 9.96 1998
MINIMUM 0.27 1907
TOTALS 8.79 4.13 4.66 4.99
DAILY AVG. 0.28 0.13 0.15 0.16
DAYS >= .01 13 10.5 2.5 13
DAYS >= .10 7 6.2 0.8 9
DAYS >= .50 5 2.8 2.2 3
DAYS >= 1.00 3 1.2 1.8 2
GREATEST
24 HR. TOTAL 3.99 01/08 TO 01/09 1.44 01/03 TO 01/04
STORM TOTAL 3.98 1.24
(MM/DD(HH)) MM
SNOWFALL (INCHES)
RECORDS
TOTAL 17.6 1966
24 HR TOTAL 14.0 01/07/1988 TO 01/08/1988
SNOW DEPTH 14 01/08/1988
TOTALS T 3.6 -3.6 T
LIQUID EQUIV T 0.30 -0.30 T
SINCE 7/1 T 6.3 -6.3 MM
LIQUID 7/1 -0.10 0.60 -0.70 MM
SNOWDEPTH AVG. T -1
DAYS >= TRACE 3 1.6 1.4 3
DAYS >= 1.0 0 0.9 -0.9 0
GREATEST
SNOW DEPTH MM MM MM
24 HR TOTAL MM MM
STORM TOTAL 0.0 0.0
(MM/DD(HH)) MM
DEGREE DAYS
HEATING TOTAL 837 814 23 656
SINCE 7/1 2192 2333 -141 MM
COOLING TOTAL 0 0 0 0
SINCE 1/1 0 0 0 MM
FREEZE DATES
RECORD
EARLIEST MM
LATEST MM
EARLIEST 11/01
LATEST 04/10
................................................................
WIND (MPH)
AVERAGE WIND SPEED 7.7
HIGHEST WIND SPEED/DIRECTION 31/340 DATE 01/16
HIGHEST GUST SPEED/DIRECTION 39/360 DATE 01/16
SKY COVER
POSSIBLE SUNSHINE (PERCENT) MM
AVERAGE SKY COVER 0.46
NUMBER OF DAYS FAIR 15
NUMBER OF DAYS PC 8
NUMBER OF DAYS CLOUDY 8
AVERAGE RH (PERCENT) 69
WEATHER CONDITIONS. NUMBER OF DAYS WITH
THUNDERSTORM 1 MIXED PRECIP 0
HEAVY RAIN 5 RAIN 5
LIGHT RAIN 16 FREEZING RAIN 1
LT FREEZING RAIN 1 HAIL 0
HEAVY SNOW 0 SNOW 0
LIGHT SNOW 3 SLEET 0
FOG 11 FOG W/VIS <= 1/4 MILE 4
HAZE 1
- INDICATES NEGATIVE NUMBERS.
R INDICATES RECORD WAS SET OR TIED.
MM INDICATES DATA IS MISSING.
T INDICATES TRACE AMOUNT.
$$