000
CXUS53 KDLH 021103
CLMBRD
CLIMATE REPORT
NATIONAL WEATHER SERVICE DULUTH MN
603 AM CDT SUN APR 02 2023
...................................
...THE BRAINERD CLIMATE SUMMARY FOR THE MONTH OF MARCH 2023...
CLIMATE NORMAL PERIOD: 1991 TO 2020
CLIMATE RECORD PERIOD: 1899 TO 2023
WEATHER OBSERVED NORMAL DEPART LAST YEAR`S
VALUE DATE(S) VALUE FROM VALUE DATE(S)
NORMAL
................................................................
TEMPERATURE (F)
RECORD
HIGH 80 03/28/1946
LOW -35 03/11/1948
HIGHEST 43 03/25 MM MM 55 03/20
LOWEST -10 03/29 MM MM -18 03/12
AVG. MAXIMUM 32.8 39.8 -7.0 36.3
AVG. MINIMUM 9.9 17.5 -7.6 16.9
MEAN 21.4 28.6 -7.2 26.6
DAYS MAX >= 90 0 0.0 0.0 0
DAYS MAX <= 32 15 9.0 6.0 12
DAYS MIN <= 32 31 27.3 3.7 26
DAYS MIN <= 0 7 3.8 3.2 5
PRECIPITATION (INCHES)
RECORD
MAXIMUM 3.74 2009
MINIMUM T 2001
TOTALS 2.18 0.97 1.21 0.73
DAILY AVG. 0.07 0.03 0.04 0.02
DAYS >= .01 12 6.1 5.9 4
DAYS >= .10 5 2.5 2.5 1
DAYS >= .50 2 0.4 1.6 1
DAYS >= 1.00 0 0.1 -0.1 0
GREATEST
24 HR. TOTAL 0.76 03/21 TO 03/21
DEGREE DAYS
HEATING TOTAL 1345 1127 218 1184
SINCE 7/1 7477 7623 -146 MM
COOLING TOTAL 0 0 0 0
SINCE 1/1 0 0 0 MM
................................................................
WIND (MPH)
AVERAGE WIND SPEED 8.3
HIGHEST WIND SPEED/DIRECTION 35/190 DATE 03/14
HIGHEST GUST SPEED/DIRECTION 48/040 DATE 03/31
SKY COVER
POSSIBLE SUNSHINE (PERCENT) MM
AVERAGE SKY COVER 0.47
NUMBER OF DAYS FAIR 12
NUMBER OF DAYS PC 11
NUMBER OF DAYS CLOUDY 8
AVERAGE RH (PERCENT) 68
WEATHER CONDITIONS. NUMBER OF DAYS WITH
THUNDERSTORM 0 MIXED PRECIP 0
HEAVY RAIN 0 RAIN 0
LIGHT RAIN 2 FREEZING RAIN 1
LT FREEZING RAIN 3 HAIL 0
HEAVY SNOW 3 SNOW 7
LIGHT SNOW 16 SLEET 0
FOG 23 FOG W/VIS <= 1/4 MILE 5
HAZE 26
- INDICATES NEGATIVE NUMBERS.
R INDICATES RECORD WAS SET OR TIED.
MM INDICATES DATA IS MISSING.
T INDICATES TRACE AMOUNT.
$$
PRECIPITATION DATA HAS BEEN SUBSTITUTED WITH BRAM5 COOP STATION DUE TO SUSPECTED UNDERESTIMATES FROM THE ASOS RAIN GAUGE IN BELOW-FREEZING TEMPERATURES. PRECIPITATION TOTALS REFLECT VALUES FROM 7 AM UNTIL 7 AM.