000
CXUS53 KDVN 011130
CLMBRL
CLIMATE REPORT
NATIONAL WEATHER SERVICE QUAD CITIES IA IL
630 AM CDT SAT JUL 01 2023
...................................
...THE BURLINGTON IA CLIMATE SUMMARY FOR THE MONTH OF JUNE 2023...
CLIMATE NORMAL PERIOD 1991 TO 2020
CLIMATE RECORD PERIOD 1897 TO 2023
WEATHER OBSERVED NORMAL DEPART LAST YEAR`S
VALUE DATE(S) VALUE FROM VALUE
NORMAL
..............................................................
TEMPERATURE (F)
RECORD
HIGH 105 06/29/1934
06/27/1934
LOW 39 06/08/1913
HIGHEST 92 06/24 87 5
LOWEST 44 06/12 58 -14
AVG. MAXIMUM 83.2 82.3 0.9
AVG. MINIMUM 60.9 62.6 -1.7
MEAN 72.1 72.5 -0.4
DAYS MAX >= 90 4
DAYS MAX <= 32 0
DAYS MIN <= 32 0
DAYS MIN <= 0 0
PRECIPITATION (INCHES)
TOTALS 3.02 4.87 -1.85
DAILY AVG. 0.10 0.16 -0.06
DAYS >= .01 11
DAYS >= .10 6
DAYS >= .50 1
DAYS >= 1.00 1
GREATEST
24 HR. TOTAL 1.40 06/02 TO 06/02
DEGREE DAYS
HEATING TOTAL 12 14 -2
SINCE 7/1 5502 5818 -316
COOLING TOTAL 231 238 -7
SINCE 1/1 307 331 -24
..............................................................
WIND (MPH)
AVERAGE WIND SPEED 6.4
HIGHEST WIND SPEED/DIRECTION 33/020 DATE 06/02
HIGHEST GUST SPEED/DIRECTION 52/010 DATE 06/02
SKY COVER
POSSIBLE SUNSHINE (PERCENT) MM
AVERAGE SKY COVER 0.20
NUMBER OF DAYS FAIR 23
NUMBER OF DAYS PC 6
NUMBER OF DAYS CLOUDY 1
AVERAGE RH (PERCENT) 64
WEATHER CONDITIONS. NUMBER OF DAYS WITH
THUNDERSTORM 8 HAIL 0
SLEET 0 FOG 12
FOG W/VIS <= 1/4 MILE 2 HAZE 21
- INDICATES NEGATIVE NUMBERS.
R INDICATES RECORD WAS SET OR TIED.
MM INDICATES DATA IS MISSING.
T INDICATES TRACE AMOUNT.
$$