000
CXUS53 KLMK 012332
CLMBWG
CLIMATE REPORT
NATIONAL WEATHER SERVICE LOUISVILLE KY
732 PM EDT SUN OCT 01 2023
...................................
...THE BOWLING GREEN KY CLIMATE SUMMARY FOR THE MONTH OF SEPTEMBER 2023...
CLIMATE NORMAL PERIOD 1991 TO 2020
CLIMATE RECORD PERIOD 1870 TO 2023
WEATHER OBSERVED NORMAL DEPART LAST YEAR`S
VALUE DATE(S) VALUE FROM VALUE DATE(S)
NORMAL
................................................................
TEMPERATURE (F)
RECORD
HIGH 105 09/07/1925
LOW 31 09/29/1888
HIGHEST 92 09/04 MM MM 97 09/21
LOWEST 50 09/19 MM MM 42 09/28
09/24
AVG. MAXIMUM 84.0 83.0 1.0 83.4
AVG. MINIMUM 59.9 59.9 0.0 59.6
MEAN 72.0 71.4 0.6 71.5
DAYS MAX >= 90 3 5.8 -2.8 4
DAYS MAX <= 32 0 0.0 0.0 0
DAYS MIN <= 32 0 0.0 0.0 0
DAYS MIN <= 0 0 0.0 0.0 0
PRECIPITATION (INCHES)
RECORD
MAXIMUM 11.75 1979
MINIMUM 0.04 1956
TOTALS 2.22 3.64 -1.42 2.25
DAILY AVG. 0.07 0.12 -0.05 0.08
DAYS >= .01 7 8.1 -1.1 6
DAYS >= .10 4 5.6 -1.6 3
DAYS >= .50 1 2.3 -1.3 2
DAYS >= 1.00 1 0.9 0.1 0
GREATEST
24 HR. TOTAL 1.58 09/27 TO 09/28
SNOWFALL (INCHES)
RECORDS
TOTAL MM 5
TOTALS 0.0 0.0 0.0 0.0
SINCE 7/1 0.0 0.0 0.0 MM
SNOWDEPTH AVG. 0 0
DAYS >= 1.0 0 0.0 0.0 0
GREATEST
SNOW DEPTH 0 0 MM
DEGREE DAYS
HEATING TOTAL 0 24 -24 27
SINCE 7/1 0 21 -21 MM
COOLING TOTAL 216 217 -1 228
SINCE 1/1 1538 1626 -88 MM
................................................................
WIND (MPH)
AVERAGE WIND SPEED 2.9
HIGHEST WIND SPEED/DIRECTION 22/270 DATE 09/05
HIGHEST GUST SPEED/DIRECTION 33/260 DATE 09/05
SKY COVER
POSSIBLE SUNSHINE (PERCENT) MM
AVERAGE SKY COVER 0.26
NUMBER OF DAYS FAIR 19
NUMBER OF DAYS PC 11
NUMBER OF DAYS CLOUDY 0
AVERAGE RH (PERCENT) 68
WEATHER CONDITIONS. NUMBER OF DAYS WITH
THUNDERSTORM 4 MIXED PRECIP 0
HEAVY RAIN 2 RAIN 4
LIGHT RAIN 8 FREEZING RAIN 0
LT FREEZING RAIN 0 HAIL 0
HEAVY SNOW 0 SNOW 0
LIGHT SNOW 0 SLEET 0
FOG 14 FOG W/VIS <= 1/4 MILE 3
HAZE 2
- INDICATES NEGATIVE NUMBERS.
R INDICATES RECORD WAS SET OR TIED.
MM INDICATES DATA IS MISSING.
T INDICATES TRACE AMOUNT.
$$