000
CXUS52 KJAX 011416
CLMCRG
CLIMATE REPORT
NATIONAL WEATHER SERVICE JACKSONVILLE FL
916 AM EST THU FEB 01 2024
...................................
...THE CRAIG EXEC ARPT CLIMATE SUMMARY FOR THE MONTH OF JANUARY 2024...
CLIMATE NORMAL PERIOD: 1991 TO 2020
CLIMATE RECORD PERIOD: 1974 TO 2024
WEATHER OBSERVED NORMAL DEPART LAST YEAR`S
VALUE DATE(S) VALUE FROM VALUE DATE(S)
NORMAL
................................................................
TEMPERATURE (F)
RECORD
HIGH 87 01/30/2023
LOW 9 01/21/1985
HIGHEST 82 01/27 80 2 87 01/30
LOWEST 31 01/17 28 3 31 01/16
AVG. MAXIMUM 65.8 65.0 0.8 72.1
AVG. MINIMUM 46.1 44.7 1.4 47.8
MEAN 56.0 54.9 1.1 59.9
DAYS MAX >= 90 0 0.0 0.0 0
DAYS MIN <= 32 2 3.8 -1.8 1
PRECIPITATION (INCHES)
RECORD
MAXIMUM 5.65 2014
MINIMUM 0.13 2012
TOTALS 3.00 2.99 0.01 1.12
DAILY AVG. 0.10 0.10 0.00 0.04
DAYS >= .01 11 8.5 2.5 6
DAYS >= .10 5 4.7 0.3 4
DAYS >= .50 2 1.5 0.5 0
DAYS >= 1.00 1 0.7 0.3 0
GREATEST
24 HR. TOTAL 1.22 01/09 TO 01/09
SNOWFALL (INCHES)
RECORDS
TOTAL MM MM
TOTALS 0.0 MM MM 0.0
DEGREE DAYS
HEATING TOTAL 302 331 -29 201
SINCE 7/1 597 724 -127 MM
COOLING TOTAL 29 16 13 52
SINCE 1/1 29 16 13 MM
................................................................
WIND (MPH)
AVERAGE WIND SPEED 7.6
HIGHEST WIND SPEED/DIRECTION 29/280 DATE 01/09
HIGHEST GUST SPEED/DIRECTION 42/280 DATE 01/09
SKY COVER
AVERAGE SKY COVER 0.31
AVERAGE RH (PERCENT) 74
WEATHER CONDITIONS. NUMBER OF DAYS WITH
THUNDERSTORM 3 MIXED PRECIP 0
HEAVY RAIN 6 RAIN 8
LIGHT RAIN 15 FREEZING RAIN 0
LT FREEZING RAIN 0 HAIL 0
HEAVY SNOW 0 SNOW 0
LIGHT SNOW 0 SLEET 0
FOG 13 FOG W/VIS <= 1/4 MILE 1
HAZE 0
- INDICATES NEGATIVE NUMBERS.
R INDICATES RECORD WAS SET OR TIED.
MM INDICATES DATA IS MISSING.
T INDICATES TRACE AMOUNT.
$$