000
CXUS52 KFFC 011447
CLMCSG
CLIMATE REPORT
NATIONAL WEATHER SERVICE PEACHTREE CITY GA
1047 AM EDT SUN OCT 01 2023
...................................
...THE COLUMBUS CLIMATE SUMMARY FOR THE MONTH OF SEPTEMBER 2023...
CLIMATE NORMAL PERIOD: 1991 TO 2020
CLIMATE RECORD PERIOD: 1948 TO 2023
WEATHER OBSERVED NORMAL DEPART LAST YEAR`S
VALUE DATE(S) VALUE FROM VALUE DATE(S)
NORMAL
................................................................
TEMPERATURE (F)
RECORD
HIGH 101 09/17/2019
LOW 38 09/30/1967
HIGHEST 96 09/11 MM MM 97 09/22
LOWEST 59 09/19 MM MM 56 09/24
09/28
09/29
AVG. MAXIMUM 87.9 87.3 0.6 86.0
AVG. MINIMUM 66.5 67.9 -1.4 66.0
MEAN 77.2 77.6 -0.4 76.0
DAYS MAX >= 90 13 11.4 1.6 6
DAYS MAX <= 32 0 0.0 0.0 0
DAYS MIN <= 32 0 0.0 0.0 0
DAYS MIN <= 0 0 0.0 0.0 0
PRECIPITATION (INCHES)
RECORD
MAXIMUM 9.47 2004
MINIMUM 0.22 1984
TOTALS 1.28 3.34 -2.06 2.58
DAILY AVG. 0.04 0.11 -0.07 0.09
DAYS >= .01 5 7.0 -2.0 8
DAYS >= .10 3 4.5 -1.5 3
DAYS >= .50 1 2.1 -1.1 2
DAYS >= 1.00 0 1.0 -1.0 1
GREATEST
24 HR. TOTAL 0.65 09/14 TO 09/14 1.53 09/04 TO 09/05
DEGREE DAYS
HEATING TOTAL 0 1 -1 0
SINCE 7/1 0 0 0 MM
COOLING TOTAL 374 379 -5 340
SINCE 1/1 2354 2367 -13 MM
................................................................
WIND (MPH)
AVERAGE WIND SPEED 4.8
HIGHEST WIND SPEED/DIRECTION 22/090 DATE 09/15
HIGHEST GUST SPEED/DIRECTION 31/340 DATE 09/13
SKY COVER
POSSIBLE SUNSHINE (PERCENT) MM
AVERAGE SKY COVER 0.27
NUMBER OF DAYS FAIR 22
NUMBER OF DAYS PC 5
NUMBER OF DAYS CLOUDY 3
AVERAGE RH (PERCENT) 67
WEATHER CONDITIONS. NUMBER OF DAYS WITH
THUNDERSTORM 3 MIXED PRECIP 1
HEAVY RAIN 1 RAIN 3
LIGHT RAIN 7 FREEZING RAIN 0
LT FREEZING RAIN 0 HAIL 0
HEAVY SNOW 0 SNOW 0
LIGHT SNOW 0 SLEET 0
FOG 5 FOG W/VIS <= 1/4 MILE 0
HAZE 1
- INDICATES NEGATIVE NUMBERS.
R INDICATES RECORD WAS SET OR TIED.
MM INDICATES DATA IS MISSING.
T INDICATES TRACE AMOUNT.
$$