000
CXUS51 KALY 010909
CLMDDH
CLIMATE REPORT
NATIONAL WEATHER SERVICE ALBANY NY
409 AM EST FRI DEC 01 2023
...................................
...THE BENNINGTON VT CLIMATE SUMMARY FOR THE MONTH OF NOVEMBER 2023...
CLIMATE NORMAL PERIOD: 1991 TO 2020
CLIMATE RECORD PERIOD: 9999 TO 9999
WEATHER OBSERVED NORMAL DEPART LAST YEAR`S
VALUE DATE(S) VALUE FROM VALUE DATE(S)
NORMAL
................................................................
TEMPERATURE (F)
HIGHEST 64 11/17 75 11/05
LOWEST 14 11/21 15 11/21
AVG. MAXIMUM 46.0 48.5 -2.5 52.8
AVG. MINIMUM 27.3 29.3 -2.0 32.3
MEAN 36.7 38.9 -2.3 42.6
DAYS MAX >= 90 0 0.0 0.0 0
DAYS MAX <= 32 2 1.8 0.2 1
DAYS MIN <= 32 25 19.3 5.7 18
DAYS MIN <= 0 0 0.0 0.0 0
PRECIPITATION (INCHES)
TOTALS 2.11 2.77 -0.66 3.53
DAILY AVG. 0.07 0.12
DAYS >= .01 13 11
DAYS >= .10 8 7
DAYS >= .50 1 1
DAYS >= 1.00 0 1
GREATEST
24 HR. TOTAL 0.68 11/26 TO 11/27
DEGREE DAYS
HEATING TOTAL 842 783 59 674
SINCE 7/1 1368 1525 -157 MM
COOLING TOTAL 0 0 0 9
SINCE 1/1 480 371 109 MM
................................................................
WIND (MPH)
AVERAGE WIND SPEED 4.6
HIGHEST WIND SPEED/DIRECTION 32/140 DATE 11/22
HIGHEST GUST SPEED/DIRECTION 47/140 DATE 11/22
SKY COVER
AVERAGE SKY COVER 0.58
AVERAGE RH (PERCENT) 68
WEATHER CONDITIONS. NUMBER OF DAYS WITH
THUNDERSTORM 0 MIXED PRECIP 0
HEAVY RAIN 0 RAIN 4
LIGHT RAIN 12 FREEZING RAIN 1
LT FREEZING RAIN 1 HAIL 0
HEAVY SNOW 0 SNOW 1
LIGHT SNOW 7 SLEET 1
FOG 11 FOG W/VIS <= 1/4 MILE 1
HAZE 5
- INDICATES NEGATIVE NUMBERS.
R INDICATES RECORD WAS SET OR TIED.
MM INDICATES DATA IS MISSING.
T INDICATES TRACE AMOUNT.
$$