000
CXUS56 KOTX 010840
CLMDEW
CLIMATE REPORT
NATIONAL WEATHER SERVICE SPOKANE WA
140 AM PDT MON MAY 01 2023
...................................
...THE DEER_PARK WA AIRPORT CLIMATE SUMMARY FOR THE MONTH OF APRIL 2023...
CLIMATE NORMAL PERIOD 1991 TO 2020
CLIMATE RECORD PERIOD 9999 TO 9999
WEATHER OBSERVED NORMAL DEPART LAST YEAR`S
VALUE DATE(S) VALUE FROM VALUE DATE(S)
NORMAL
................................................................
TEMPERATURE (F)
RECORD
HIGH 85 04/20/2016
LOW 13 04/01/2008
HIGHEST 83 04/30 MM MM 65 04/07
LOWEST 19 04/05 MM MM 22 04/15
04/16
AVG. MAXIMUM 56.7 57.5 -0.8 52.8
AVG. MINIMUM 30.5 31.9 -1.4 28.5
MEAN 43.6 44.7 -1.1 40.7
DAYS MAX >= 90 0 0.0 0.0 0
DAYS MAX <= 32 0 0.0 0.0 0
DAYS MIN <= 32 19 17.9 1.1 22
DAYS MIN <= 0 0 0.0 0.0 0
PRECIPITATION (INCHES)
RECORD
MAXIMUM 3.49 2000
MINIMUM 0.26 2021
TOTALS 1.99 1.91 0.08 1.60
DAILY AVG. 0.07 0.06 0.00 0.05
DAYS >= .01 11 11.4 -0.4 11
DAYS >= .10 6 5.5 0.5 6
DAYS >= .50 0 0.5 -0.5 0
DAYS >= 1.00 0 0.1 -0.1 0
GREATEST
24 HR. TOTAL 0.49 04/10 TO 04/11 0.39
DEGREE DAYS
HEATING TOTAL 636 609 27 722
SINCE 7/1 6638 6707 -69 MM
COOLING TOTAL 0 0 0 0
SINCE 1/1 0 0 0 MM
................................................................
WIND (MPH)
AVERAGE WIND SPEED 5.9
HIGHEST WIND SPEED/DIRECTION 31/230 DATE 04/11
HIGHEST GUST SPEED/DIRECTION 39/240 DATE 04/11
SKY COVER
POSSIBLE SUNSHINE (PERCENT) MM
AVERAGE SKY COVER 0.51
NUMBER OF DAYS FAIR 10
NUMBER OF DAYS PC 13
NUMBER OF DAYS CLOUDY 7
AVERAGE RH (PERCENT) 64
WEATHER CONDITIONS. NUMBER OF DAYS WITH
THUNDERSTORM 0 MIXED PRECIP 0
HEAVY RAIN 0 RAIN 4
LIGHT RAIN 12 FREEZING RAIN 0
LT FREEZING RAIN 0 HAIL 0
HEAVY SNOW 0 SNOW 0
LIGHT SNOW 3 SLEET 0
FOG 13 FOG W/VIS <= 1/4 MILE 2
HAZE 3
- INDICATES NEGATIVE NUMBERS.
R INDICATES RECORD WAS SET OR TIED.
MM INDICATES DATA IS MISSING.
T INDICATES TRACE AMOUNT.
$$