000
CXUS53 KDDC 011521
CLMDGC
CLIMATE REPORT
NATIONAL WEATHER SERVICE DODGE CITY, KANSAS
1021 AM CDT WED NOV 01 2023
...................................
...THE DODGE CITY KS CLIMATE SUMMARY FOR THE MONTH OF OCTOBER 2023...
CLIMATE NORMAL PERIOD 1991 TO 2020
CLIMATE RECORD PERIOD 1875 TO 2023
WEATHER OBSERVED NORMAL DEPART LAST YEAR`S
VALUE DATE(S) VALUE FROM VALUE DATE(S)
NORMAL
................................................................
TEMPERATURE (F)
RECORD
HIGH 101 10/17/2016
LOW 10 10/31/2019
10/27/1878
01/01/2000
HIGHEST 91 10/20 MM MM 89 10/23
LOWEST 17 10/30 MM MM 29 10/17
10/18
AVG. MAXIMUM 72.9 70.8 2.1 74.9
AVG. MINIMUM 42.9 42.9 0.0 42.7
MEAN 57.9 56.8 1.1 58.8
DAYS MAX >= 90 1 1.5 -0.5 0
DAYS MAX <= 32 0 0.3 -0.3 0
DAYS MIN <= 32 7 4.3 2.7 4
DAYS MIN <= 0 0 0.0 0.0 0
PRECIPITATION (INCHES)
RECORD
MAXIMUM 6.45 2018
MINIMUM 0.00
TOTALS 0.15 2.02 -1.87 T
DAYS >= .01 2 5.9 -3.9 0
DAYS >= .10 1 3.3 -2.3 0
DAYS >= .50 0 1.2 -1.2 0
DAYS >= 1.00 0 0.6 -0.6 0
GREATEST
24 HR. TOTAL 0.11 10/03 TO 10/03 T 10/11 TO 10/11
10/24 TO 10/24
10/27 TO 10/27
SNOWFALL (INCHES)
RECORDS
TOTAL 4.5 1991
24 HR TOTAL 4.3 10/21/1996 TO 10/21/1996
SNOW DEPTH 3 10/27/1976
TOTALS 0.0 0.6 -0.6 0.0
SINCE 7/1 0.0 0.6 -0.6 0.0
SNOWDEPTH AVG. 0 0
DAYS >= 1.0 0 0.2 -0.2 0
GREATEST
SNOW DEPTH 0 10/31 0
24 HR TOTAL 0.0 10/31 TO 10/31 0.0
DEGREE DAYS
HEATING TOTAL 281 288 -7 215
SINCE 7/1 293 339 -46 240
COOLING TOTAL 68 35 33 29
SINCE 1/1 1594 1546 48 1995
................................................................
WIND (MPH)
AVERAGE WIND SPEED 12.5
RESULTANT WIND SPEED/DIRECTION 1/200
HIGHEST WIND SPEED/DIRECTION 39/320 DATE 10/13
HIGHEST GUST SPEED/DIRECTION 56/320 DATE 10/13
SKY COVER
POSSIBLE SUNSHINE (PERCENT) MM
AVERAGE SKY COVER 0.14
NUMBER OF DAYS FAIR 26
NUMBER OF DAYS PC 5
NUMBER OF DAYS CLOUDY 1
AVERAGE RH (PERCENT) 55
WEATHER CONDITIONS. NUMBER OF DAYS WITH
THUNDERSTORM 2 MIXED PRECIP 0
HEAVY RAIN 0 RAIN 1
LIGHT RAIN 3 FREEZING RAIN 0
LT FREEZING RAIN 0 HAIL 0
HEAVY SNOW 0 SNOW 0
LIGHT SNOW 0 SLEET 0
FOG 7 FOG W/VIS <= 1/4 MILE 0
HAZE 17
- INDICATES NEGATIVE NUMBERS.
R INDICATES RECORD WAS SET OR TIED.
MM INDICATES DATA IS MISSING.
T INDICATES TRACE AMOUNT.
$$