000
CXUS54 KEWX 012229
CLMDRT
CLIMATE REPORT
NATIONAL WEATHER SERVICE AUSTIN/SAN ANTONIO
422 PM CST FRI MAR 01 2024
...................................
...THE DEL RIO CLIMATE SUMMARY FOR THE MONTH OF FEBRUARY 2024...
CLIMATE NORMAL PERIOD: 1991 TO 2020
CLIMATE RECORD PERIOD: 1906 TO 2024
WEATHER OBSERVED NORMAL DEPART LAST YEAR`S
VALUE DATE(S) VALUE FROM VALUE DATE(S)
NORMAL
................................................................
TEMPERATURE (F)
HIGHEST 96 02/26 96 02/22
LOWEST 35 02/18 31 02/11
AVG. MAXIMUM 77.0 72.7 4.3 74.1
AVG. MINIMUM 51.3 48.4 2.9 46.4
MEAN 64.2 60.5 3.7 60.3
DAYS MAX >= 90 3 5
DAYS MAX <= 32 0 0
DAYS MIN <= 32 0 2
DAYS MIN <= 0 0 0
PRECIPITATION (INCHES)
TOTALS 0.40 0.63 -0.23 0.07
DAILY AVG. 0.01 NAN NAN 0.00
DAYS >= .01 2 2
DAYS >= .10 2 0
DAYS >= .50 0 0
DAYS >= 1.00 0 0
GREATEST
24 HR. TOTAL 0.22 02/10 TO 02/10
SNOWFALL (INCHES)
TOTALS 0.0 0.1 -0.1 0.0
SINCE 7/1 0.0 0.1 -0.1 MM
DEGREE DAYS
HEATING TOTAL 92 166 -74 198
SINCE 7/1 852 906 -54 MM
COOLING TOTAL 74 42 32 72
SINCE 1/1 74 52 22 MM
................................................................
WIND (MPH)
AVERAGE WIND SPEED 8.8
HIGHEST WIND SPEED/DIRECTION 40/300 DATE 02/04
HIGHEST GUST SPEED/DIRECTION 55/310 DATE 02/04
SKY COVER
POSSIBLE SUNSHINE (PERCENT) MM
AVERAGE SKY COVER 0.16
NUMBER OF DAYS FAIR 25
NUMBER OF DAYS PC 3
NUMBER OF DAYS CLOUDY 1
AVERAGE RH (PERCENT) 49
WEATHER CONDITIONS. NUMBER OF DAYS WITH
THUNDERSTORM 1 MIXED PRECIP 0
HEAVY RAIN 2 RAIN 1
LIGHT RAIN 2 FREEZING RAIN 0
LT FREEZING RAIN 0 HAIL 0
HEAVY SNOW 0 SNOW 0
LIGHT SNOW 0 SLEET 0
FOG 1 FOG W/VIS <= 1/4 MILE 0
HAZE 5
- INDICATES NEGATIVE NUMBERS.
R INDICATES RECORD WAS SET OR TIED.
MM INDICATES DATA IS MISSING.
T INDICATES TRACE AMOUNT.
&&
MONTHLY CLIMATE SUMMARY:
FEBRUARY 2024 WAS THE WARMEST AND
59TH DRIEST FEBRUARY ON RECORD.
SEA LEVEL PRESSURE DATA:
HIGHEST SLP 30.40 ON THE 28TH
LOWEST SLP 29.56 ON THE 3RD
PRELIMINARY LOCAL CLIMATOLOGICAL DATA (WS FORM: F-6)
STATION: DEL RIO
MONTH: FEBRUARY
YEAR: 2024
LATITUDE: 29 22 N
LONGITUDE: 100 55 W
TEMPERATURE IN F: :PCPN: SNOW: WIND :SUNSHINE: SKY :PK WND
================================================================================
1 2 3 4 5 6A 6B 7 8 9 10 11 12 13 14 15 16 17 18
12Z AVG MX 2MIN
DY MAX MIN AVG DEP HDD CDD WTR SNW DPTH SPD SPD DIR MIN PSBL S-S WX SPD DR
================================================================================
1 80 53 67 9 0 2 0.00 0.0 0 8.3 16 140 M M 1 21 140
2 77 60 69 11 0 4 0.18 0.0 0 10.0 30 280 M M 5 3 48 280
3 76 48 62 4 3 0 0.00 0.0 0 10.5 31 300 M M 2 44 300
4 76 51 64 6 1 0 0.00 0.0 0 19.2 40 300 M M 0 55 310
5 70 49 60 2 5 0 0.00 0.0 0 9.0 21 300 M M 0 30 300
6 73 41 57 -2 8 0 0.00 0.0 0 7.5 23 150 M M 0 28 150
7 74 53 64 5 1 0 0.00 0.0 0 13.0 25 140 M M 0 37 150
8 77 53 65 6 0 0 0.00 0.0 0 4.2 12 120 M M 2 16 100
9 74 59 67 8 0 2 0.00 0.0 0 6.1 14 290 M M 0 17 290
10 78 56 67 8 0 2 0.22 0.0 0 6.5 13 120 M M 3 19 110
11 71 50 61 1 4 0 0.00 0.0 0 16.3 31 300 M M 1 18 42 320
12 68 42 55 -5 10 0 0.00 0.0 0 10.7 24 310 M M 1 34 310
13 74 40 57 -3 8 0 0.00 0.0 0 9.8 23 140 M M 0 31 150
14 74 50 62 2 3 0 0.00 0.0 0 10.3 18 160 M M 3 26 150
15 69 59 64 3 1 0 0.00 0.0 0 6.4 15 140 M M 6 8 18 140
16 77 59 68 7 0 3 0.00 0.0 0 7.2 22 150 M M 0 29 160
17 59 45 52 -9 13 0 0.00 0.0 0 11.0 20 310 M M 9 27 350
18 60 35 48 -13 17 0 0.00 0.0 0 5.3 13 120 M M 3 18 140
19 77 41 59 -3 6 0 0.00 0.0 0 7.5 13 150 M M 0 18 160
20 88 48 68 6 0 3 0.00 0.0 0 7.6 17 140 M M 0 25 150
21 86 59 73 11 0 8 0.00 0.0 0 10.8 22 150 M M 3 28 150
22 91 60 76 14 0 11 0.00 0.0 0 7.6 21 330 M M 2 31 320
23 82 53 68 5 0 3 0.00 0.0 0 4.8 10 70 M M 0 16 50
24 83 53 68 5 0 3 0.00 0.0 0 11.5 25 140 M M 0 33 150
25 94 56 75 12 0 10 0.00 0.0 0 6.4 13 90 M M 0 20 110
26 96 56 76 13 0 11 0.00 0.0 0 6.2 13 150 M M 0 17 140
27 89 65 77 13 0 12 0.00 0.0 0 3.8 10 130 M M 1 8 16 90
28 76 48 62 -2 3 0 0.00 0.0 0 10.5 25 350 M M 3 8 37 350
29 65 47 56 -8 9 0 0.00 0.0 0 6.1 15 90 M M 5 8 19 100
================================================================================
SM 2234 1489 92 74 0.40 0.0 254.1 M 50
================================================================================
AV 77.0 51.3 8.8 FASTST M M 2 MAX(MPH)
MISC ----> 40 300 55 310
================================================================================
NOTES:
# LAST OF SEVERAL OCCURRENCES
COLUMN 17 PEAK WIND IN M.P.H.
SYMBOLS USED IN COLUMN 16
1 = FOG OR MIST
2 = FOG REDUCING VISIBILITY TO 1/4 MILE OR LESS
3 = THUNDER
4 = ICE PELLETS
5 = HAIL
6 = FREEZING RAIN OR DRIZZLE
7 = DUSTSTORM OR SANDSTORM: VSBY 1/2 MILE OR LESS
8 = SMOKE OR HAZE
9 = BLOWING SNOW
X = TORNADO
$$