000
CXUS55 KLKN 022333
CLMEKO
CLIMATE REPORT
NATIONAL WEATHER SERVICE ELKO, NV
433 PM PDT WED AUG 02 2023
...................................
...THE ELKO AIRPORT NV CLIMATE SUMMARY FOR THE MONTH OF JULY 2023...
CLIMATE NORMAL PERIOD 1991 TO 2020
CLIMATE RECORD PERIOD 1888 TO 2023
WEATHER OBSERVED NORMAL DEPART LAST YEAR`S
VALUE DATE(S) VALUE FROM VALUE DATE(S)
NORMAL
................................................................
TEMPERATURE (F)
RECORD
HIGH 107 07/04/1981
07/24/1890
LOW 28 07/11/1890
HIGHEST 103 07/22 99 4 102 07/14
07/23
LOWEST 47 07/13 38 9 47 07/02
AVG. MAXIMUM 95.0 91.8 3.2 96.7
AVG. MINIMUM 53.8 52.0 1.8 56.1
MEAN 74.4 71.9 2.5 76.4
DAYS MAX >= 90 29 20.8 8.2 29
DAYS MAX <= 32 0 0.0 0.0 0
DAYS MIN <= 32 0 0.0 0.0 0
DAYS MIN <= 0 0 0.0 0.0 0
PRECIPITATION (INCHES)
RECORD
MAXIMUM 2.35 1950
MINIMUM 0.00 1963
TOTALS 0.02 0.36 -0.34 0.08
DAILY AVG. 0.00 0.01 -0.01 0.00
DAYS >= .01 1 3.2 -2.2 1
DAYS >= .10 0 1.0 -1.0 0
DAYS >= .50 0 0.2 -0.2 0
DAYS >= 1.00 0 0.0 0.0 0
GREATEST
24 HR. TOTAL 0.02 07/22 TO 07/22 0.08
SNOWFALL (INCHES)
RECORDS
TOTAL T 1995
TOTALS 0.0 0.0 0.0 0.0
SINCE 7/1 0.0 0.0 0.0 MM
SNOWDEPTH AVG. 0 0
DAYS >= TRACE 0 0.0 0.0 0
DAYS >= 1.0 0 0.0 0.0 0
DAYS >= 1.0 0 0
GREATEST
SNOW DEPTH 0 0
24 HR TOTAL MM MM
DEGREE DAYS
HEATING TOTAL 0 14 -14 0
SINCE 7/1 0 9 -9 MM
COOLING TOTAL 298 227 71 361
SINCE 1/1 309 296 13 MM
................................................................
WIND (MPH)
AVERAGE WIND SPEED 5.5
HIGHEST WIND SPEED/DIRECTION 40/340 DATE 07/22
HIGHEST GUST SPEED/DIRECTION 55/340 DATE 07/22
AVERAGE RH (PERCENT) 36
WEATHER CONDITIONS. NUMBER OF DAYS WITH
THUNDERSTORM 5 MIXED PRECIP 0
HEAVY RAIN 0 RAIN 0
LIGHT RAIN 4 FREEZING RAIN 0
LT FREEZING RAIN 0 HAIL 0
HEAVY SNOW 0 SNOW 0
LIGHT SNOW 0 SLEET 0
FOG 0 FOG W/VIS <= 1/4 MILE 0
HAZE 1
- INDICATES NEGATIVE NUMBERS.
R INDICATES RECORD WAS SET OR TIED.
MM INDICATES DATA IS MISSING.
T INDICATES TRACE AMOUNT.
======================================================================
...JULY 2023 IN ELKO WAS WARMER AND DRIER THAN NORMAL...
...A RECORD DAILY MAXIMUM TEMPERATURE OF 103 WAS SET ON JULY 22ND...
...A RECORD DAILY MAXIMUM TEMPERATURE OF 103 WAS SET ON JULY 23RD...
$$