000
CXUS53 KPAH 011352
CLMEVV
CLIMATE REPORT
NATIONAL WEATHER SERVICE PADUCAH KY
852 AM CDT MON MAY 01 2023
...................................
...THE EVANSVILLE IN CLIMATE SUMMARY FOR THE MONTH OF APRIL 2023...
CLIMATE NORMAL PERIOD 1991 TO 2020
CLIMATE RECORD PERIOD 1896 TO 2023
WEATHER OBSERVED NORMAL DEPART LAST YEAR`S
VALUE DATE(S) VALUE FROM VALUE DATE(S)
NORMAL
................................................................
TEMPERATURE (F)
RECORD
HIGH 91 04/27/1989
04/26/1989
LOW 23 04/07/1990
04/03/1987
HIGHEST 85 04/20 86 04/23
LOWEST 31 04/02 30 04/02
AVG. MAXIMUM 69.9 68.4 1.5 66.1
AVG. MINIMUM 44.6 46.1 -1.5 45.1
MEAN 57.3 57.2 0.1 55.6
DAYS MAX >= 90 0 0.0 0.0 0
DAYS MAX <= 32 0 0.0 0.0 0
DAYS MIN <= 32 2 2.3 -0.3 2
DAYS MIN <= 0 0 0.0 0.0 0
PRECIPITATION (INCHES)
RECORD
MAXIMUM 11.83 1996
MINIMUM 0.40 1915
TOTALS 2.77 5.14 -2.37 3.85
DAILY AVG. 0.09 0.17 -0.08 0.13
DAYS >= .01 8 11.7 -3.7 15
DAYS >= .10 6 7.7 -1.7 10
DAYS >= .50 2 3.3 -1.3 3
DAYS >= 1.00 0 1.4 -1.4 0
GREATEST
24 HR. TOTAL 0.71 04/21 TO 04/22
SNOWFALL (INCHES)
RECORDS
TOTAL 8.6 1971
TOTALS 0.0 0.0 0.0 T
SINCE 7/1 6.8 10.8 -4.0 MM
SNOWDEPTH AVG. 0 0
DAYS >= TRACE 0
DAYS >= 1.0 0 0.0 0.0 0
GREATEST
SNOW DEPTH 0 0 MM
24 HR TOTAL MM
STORM TOTAL 0.0
(MM/DD(HH))
DEGREE DAYS
HEATING TOTAL 249 261 -12 310
SINCE 7/1 3838 4262 -424 MM
COOLING TOTAL 25 29 -4 37
SINCE 1/1 25 33 -8 MM
FREEZE DATES
EARLIEST 10/19
LATEST 04/03
................................................................
WIND (MPH)
AVERAGE WIND SPEED 7.4
HIGHEST WIND SPEED/DIRECTION 46/240 DATE 04/05
HIGHEST GUST SPEED/DIRECTION 62/240 DATE 04/05
SKY COVER
POSSIBLE SUNSHINE (PERCENT) MM
AVERAGE SKY COVER 0.31
NUMBER OF DAYS FAIR 18
NUMBER OF DAYS PC 10
NUMBER OF DAYS CLOUDY 2
AVERAGE RH (PERCENT) 60
WEATHER CONDITIONS. NUMBER OF DAYS WITH
THUNDERSTORM 5 MIXED PRECIP 0
HEAVY RAIN 5 RAIN 7
LIGHT RAIN 10 FREEZING RAIN 0
LT FREEZING RAIN 0 HAIL 0
HEAVY SNOW 0 SNOW 0
LIGHT SNOW 0 SLEET 0
FOG 12 FOG W/VIS <= 1/4 MILE 0
HAZE 5
- INDICATES NEGATIVE NUMBERS.
R INDICATES RECORD WAS SET OR TIED.
MM INDICATES DATA IS MISSING.
T INDICATES TRACE AMOUNT.
$$