000
CXUS56 KHNX 010833
CLMFAT
CLIMATE REPORT
NATIONAL WEATHER SERVICE
133 AM PDT MON MAY 01 2023
...................................
...THE FRESNO CA CLIMATE SUMMARY FOR THE MONTH OF APRIL 2023...
CLIMATE NORMAL PERIOD 1991 TO 2020
CLIMATE RECORD PERIOD 1887 TO 2023
WEATHER OBSERVED NORMAL DEPART LAST YEAR`S
VALUE DATE(S) VALUE FROM VALUE DATE(S)
NORMAL
................................................................
TEMPERATURE (F)
RECORD
HIGH 101 04/24/1910
04/25/1898
LOW 32 04/07/1982
04/01/1975
04/09/1953
HIGHEST 97 04/28 MM 87 04/25
LOWEST 38 04/04 MM 48 04/29
MEAN 63.7 62.3 1.4 67.1
DAYS MAX >= 90 4 2.0 2.0 0
DAYS MIN <= 32 0 0.0 0.0 0
PRECIPITATION (INCHES)
RECORD
MAXIMUM 4.41 1967
MINIMUM 0.00 2023
1898
TOTALS 0.00R 1.04 -1.04
DAYS >= .01 0 4.5 -4.5 0
DAYS >= .10 0 2.4 -2.4 0
DAYS >= .50 0 0.6 -0.6 0
DAYS >= 1.00 0 0.1 -0.1 0
SNOWFALL (INCHES)
RECORDS
TOTAL T 2017
TOTALS 0.0 0.0
DEGREE DAYS
HEATING TOTAL 123 129 -6 5
SINCE 7/1 2343 2153 190 MM
COOLING TOTAL 92 48 44 19
SINCE 1/1 92 54 38 MM
................................................................
WIND (MPH)
AVERAGE WIND SPEED 7.5
HIGHEST WIND SPEED/DIRECTION 33/310 DATE 04/03
HIGHEST GUST SPEED/DIRECTION 40/310 DATE 04/03
AVERAGE RH (PERCENT) 53
WEATHER CONDITIONS. NUMBER OF DAYS WITH
THUNDERSTORM 0 RAIN 0
HAIL 0 FOG 0
FOG W/VIS <= 1/4 MILE 0 HAZE 1
- INDICATES NEGATIVE NUMBERS.
R INDICATES RECORD WAS SET OR TIED.
MM INDICATES DATA IS MISSING.
T INDICATES TRACE AMOUNT.
$$