000
CXUS56 KHNX 011207
CLMFAT
CLIMATE REPORT
NATIONAL WEATHER SERVICE
407 AM PST FRI DEC 01 2023
...................................
...THE FRESNO CA CLIMATE SUMMARY FOR THE MONTH OF NOVEMBER 2023...
CLIMATE NORMAL PERIOD 1991 TO 2020
CLIMATE RECORD PERIOD 1887 TO 2023
WEATHER OBSERVED NORMAL DEPART LAST YEAR`S
VALUE DATE(S) VALUE FROM VALUE DATE(S)
NORMAL
................................................................
TEMPERATURE (F)
RECORD
HIGH 90 11/05/2010
LOW 26 11/29/1975
HIGHEST 81 11/04 MM 71 11/24
11/25
LOWEST 36 11/27 MM 36 11/21
11/22
MEAN 57.8 55.1 2.7 52.1
DAYS MAX >= 90 0 0.0 0.0 0
DAYS MIN <= 32 0 0.7 -0.7 0
PRECIPITATION (INCHES)
RECORD
MAXIMUM 9.54 1885
MINIMUM 0.00 1959
TOTALS 0.21 0.87 -0.66
DAYS >= .01 3 4.7 -1.7 6
DAYS >= .10 1 2.4 -1.4 3
DAYS >= .50 0 0.5 -0.5 0
DAYS >= 1.00 0 0.1 -0.1 0
SNOWFALL (INCHES)
RECORDS
TOTAL T 1955
TOTALS 0.0 0.0
DEGREE DAYS
HEATING TOTAL 211 299 -88 381
SINCE 7/1 246 356 -110 MM
COOLING TOTAL 4 3 1 0
SINCE 1/1 2413 2208 205 MM
................................................................
WIND (MPH)
AVERAGE WIND SPEED 3.4
HIGHEST WIND SPEED/DIRECTION 23/320 DATE 11/19
23/300 11/06
HIGHEST GUST SPEED/DIRECTION 33/320 DATE 11/19
AVERAGE RH (PERCENT) 55
WEATHER CONDITIONS. NUMBER OF DAYS WITH
THUNDERSTORM 0 RAIN 1
HAIL 0 FOG 2
FOG W/VIS <= 1/4 MILE 0 HAZE 11
- INDICATES NEGATIVE NUMBERS.
R INDICATES RECORD WAS SET OR TIED.
MM INDICATES DATA IS MISSING.
T INDICATES TRACE AMOUNT.
$$