000
CXUS52 KGSP 011343
CLMGSP
CLIMATE REPORT
NATIONAL WEATHER SERVICE GREENVILLE-SPARTANBURG SC
843 AM EST FRI DEC 01 2023
...................................
...THE GREENVILLE-SPARTANBURG SC CLIMATE SUMMARY FOR THE MONTH OF NOVEMBER 2023...
CLIMATE NORMAL PERIOD 1991 TO 2020
CLIMATE RECORD PERIOD 1884 TO 2023
WEATHER OBSERVED NORMAL DEPART LAST YEAR`S
VALUE DATE(S) VALUE FROM VALUE DATE(S)
NORMAL
................................................................
TEMPERATURE (F)
RECORD
HIGH 86 11/01/1961
LOW 11 11/26/1950
11/25/1950
HIGHEST 84 11/09 MM MM 82 11/07
LOWEST 21 11/29 MM MM 25 11/21
AVG. MAXIMUM 64.2 62.9 1.3 63.4
AVG. MINIMUM 39.3 40.4 -1.1 43.0
MEAN 51.7 51.6 0.1 53.2
DAYS MAX >= 90 0 0.0 0.0 0
DAYS MAX <= 32 0 0.0 0.0 0
DAYS MIN <= 32 8 5.9 2.1 8
DAYS MIN <= 0 0 0.0 0.0 0
PRECIPITATION (INCHES)
RECORD
MAXIMUM 12.18 1948
MINIMUM 0.05 1890
TOTALS 1.08 3.84 -2.76 6.96
DAILY AVG. 0.04 0.13 -0.09 0.23
DAYS >= .01 6 8.5 -2.5 10
DAYS >= .10 2 5.7 -3.7 7
DAYS >= .50 1 2.3 -1.3 5
DAYS >= 1.00 0 1.3 -1.3 3
GREATEST
24 HR. TOTAL 0.79 11/21 TO 11/21 2.21 11/10 TO 11/11
STORM TOTAL 0.79 1.94
(MM/DD(HH)) MM
SNOWFALL (INCHES)
RECORDS
TOTAL 4.0 1906
24 HR TOTAL 4.0 11/15/1906 TO 11/15/1906
SNOW DEPTH 3 11/28/1912
TOTALS 0.0 0.1 -0.1 0.0
LIQUID EQUIV 0.00 0.00 0.00 0.00
SINCE 7/1 T 0.1 -0.1 MM
LIQUID 7/1 -0.10 0.00 -0.10 MM
SNOWDEPTH AVG. 0 0
DAYS >= TRACE 0 0.1 -0.1 0
DAYS >= 1.0 0 0.0 0.0 0
GREATEST
SNOW DEPTH 0 0 MM
24 HR TOTAL MM MM
STORM TOTAL 0.0 0.0
(MM/DD(HH)) MM
DEGREE DAYS
HEATING TOTAL 398 405 -7 365
SINCE 7/1 526 567 -41 MM
COOLING TOTAL 6 4 2 18
SINCE 1/1 1602 1719 -117 MM
FREEZE DATES
RECORD
EARLIEST MM
LATEST MM
EARLIEST 11/01 MM
LATEST 03/21
................................................................
WIND (MPH)
AVERAGE WIND SPEED 4.8
HIGHEST WIND SPEED/DIRECTION 18/040 DATE 11/10
HIGHEST GUST SPEED/DIRECTION 34/230 DATE 11/21
SKY COVER
POSSIBLE SUNSHINE (PERCENT) MM
AVERAGE SKY COVER 0.27
NUMBER OF DAYS FAIR 19
NUMBER OF DAYS PC 7
NUMBER OF DAYS CLOUDY 4
AVERAGE RH (PERCENT) 57
WEATHER CONDITIONS. NUMBER OF DAYS WITH
THUNDERSTORM 0 MIXED PRECIP 0
HEAVY RAIN 1 RAIN 1
LIGHT RAIN 9 FREEZING RAIN 0
LT FREEZING RAIN 0 HAIL 0
HEAVY SNOW 0 SNOW 0
LIGHT SNOW 0 SLEET 0
FOG 8 FOG W/VIS <= 1/4 MILE 2
HAZE 6
- INDICATES NEGATIVE NUMBERS.
R INDICATES RECORD WAS SET OR TIED.
MM INDICATES DATA IS MISSING.
T INDICATES TRACE AMOUNT.
$$