000
CXUS53 KDLH 041721
CLMHIB
CLIMATE REPORT
NATIONAL WEATHER SERVICE DULUTH MN
1130 AM CST WED JAN 03 2024
...................................
...THE HIBBING CLIMATE SUMMARY FOR THE MONTH OF DECEMBER 2023...
CLIMATE NORMAL PERIOD: 1991 TO 2020
CLIMATE RECORD PERIOD: 1931 TO 2023
WEATHER OBSERVED NORMAL DEPART LAST YEAR`S
VALUE DATE(S) VALUE FROM VALUE DATE(S)
NORMAL
................................................................
TEMPERATURE (F)
RECORD
HIGH 60 12/01/1962
LOW -38 12/19/1983
HIGHEST 48 12/14 MM MM 33 12/02
12/09
LOWEST 2 12/13 MM MM -21 12/21
12/18
AVG. MAXIMUM 33.7 21.4 12.3 18.6
AVG. MINIMUM 20.1 3.1 17.0 3.4
MEAN 26.9 12.3 14.6 11.0
DAYS MAX >= 90 0 0.0 0.0 0
DAYS MAX <= 32 11 24.6 -13.6 29
DAYS MIN <= 32 26 30.8 -4.8 31
DAYS MIN <= 0 0 12.2 -12.2 16
PRECIPITATION (INCHES)
RECORD
MAXIMUM 3.01 2021
MINIMUM 0.38 2022
TOTALS 2.59 0.64 1.95 0.38
DAILY AVG. 0.08 0.02 0.06 0.01
DAYS >= .01 10 7.8 2.2 3
DAYS >= .10 5 2.0 3.0 1
DAYS >= .50 2 0.2 1.8 0
DAYS >= 1.00 1 0.0 1.0 0
GREATEST
24 HR. TOTAL 1.34 12/24 TO 12/25
DEGREE DAYS
HEATING TOTAL 1175 1635 -460 1666
SINCE 7/1 3419 4191 -772 MM
COOLING TOTAL 0 0 0 0
SINCE 1/1 166 120 46 MM
................................................................
WIND (MPH)
AVERAGE WIND SPEED 6.1
HIGHEST WIND SPEED/DIRECTION 32/310 DATE 12/17
32/320 12/18
HIGHEST GUST SPEED/DIRECTION 45/320 DATE 12/12
SKY COVER
POSSIBLE SUNSHINE (PERCENT) MM
AVERAGE SKY COVER 0.72
NUMBER OF DAYS FAIR 7
NUMBER OF DAYS PC 5
NUMBER OF DAYS CLOUDY 19
AVERAGE RH (PERCENT) 83
WEATHER CONDITIONS. NUMBER OF DAYS WITH
THUNDERSTORM 0 MIXED PRECIP 0
HEAVY RAIN 1 RAIN 3
LIGHT RAIN 7 FREEZING RAIN 0
LT FREEZING RAIN 1 HAIL 0
HEAVY SNOW 0 SNOW 0
LIGHT SNOW 12 SLEET 0
FOG 20 FOG W/VIS <= 1/4 MILE 3
HAZE 1
- INDICATES NEGATIVE NUMBERS.
R INDICATES RECORD WAS SET OR TIED.
MM INDICATES DATA IS MISSING.
T INDICATES TRACE AMOUNT.
$$
NOTE: PRECIPITATION DATA MAY BE ERRONEOUS AT THIS SITE WHEN
TEMPERATURES ARE BELOW FREEZING. PLEASE THIS DATA WITH CAUTION.