000
CXUS53 KDLH 042154
CLMHIB
CLIMATE REPORT
NATIONAL WEATHER SERVICE DULUTH MN
354 PM CST MON DEC 04 2023
...................................
...THE HIBBING CLIMATE SUMMARY FOR THE MONTH OF NOVEMBER 2023...
CLIMATE NORMAL PERIOD: 1991 TO 2020
CLIMATE RECORD PERIOD: 1931 TO 2023
WEATHER OBSERVED NORMAL DEPART LAST YEAR`S
VALUE DATE(S) VALUE FROM VALUE DATE(S)
NORMAL
................................................................
TEMPERATURE (F)
RECORD
HIGH 72 11/02/2022
11/05/1975
LOW -27 11/29/1985
HIGHEST 56 11/14 MM MM 72 11/02
LOWEST -8 11/28 MM MM 1 11/19
AVG. MAXIMUM 37.8 34.3 3.5 35.1
AVG. MINIMUM 17.9 16.9 1.0 19.0
MEAN 27.9 25.6 2.3 27.0
DAYS MAX >= 90 0 0.0 0.0 0
DAYS MAX <= 32 7 12.9 -5.9 16
DAYS MIN <= 32 29 27.8 1.2 28
DAYS MIN <= 0 1 2.7 -1.7 0
PRECIPITATION (INCHES)
RECORD
MAXIMUM 3.58 1977
MINIMUM 0.03 2004
TOTALS 0.89 1.09 -0.20 2.00
DAILY AVG. 0.03 0.04 -0.01 0.07
DAYS >= .01 8 8.0 0.0 8
DAYS >= .10 3 3.0 0.0 4
DAYS >= .50 0 0.4 -0.4 1
DAYS >= 1.00 0 0.1 -0.1 1
GREATEST
24 HR. TOTAL 0.52 11/05 TO 11/06
DEGREE DAYS
HEATING TOTAL 1106 1182 -76 1131
SINCE 7/1 2244 2557 -313 MM
COOLING TOTAL 0 0 0 0
SINCE 1/1 166 120 46 MM
................................................................
WIND (MPH)
AVERAGE WIND SPEED 6.6
HIGHEST WIND SPEED/DIRECTION 32/330 DATE 11/16
HIGHEST GUST SPEED/DIRECTION 42/330 DATE 11/16
SKY COVER
POSSIBLE SUNSHINE (PERCENT) MM
AVERAGE SKY COVER 0.52
NUMBER OF DAYS FAIR 9
NUMBER OF DAYS PC 12
NUMBER OF DAYS CLOUDY 9
AVERAGE RH (PERCENT) 72
WEATHER CONDITIONS. NUMBER OF DAYS WITH
THUNDERSTORM 0 MIXED PRECIP 0
HEAVY RAIN 0 RAIN 2
LIGHT RAIN 7 FREEZING RAIN 1
LT FREEZING RAIN 1 HAIL 0
HEAVY SNOW 0 SNOW 1
LIGHT SNOW 10 SLEET 0
FOG 12 FOG W/VIS <= 1/4 MILE 1
HAZE 2
- INDICATES NEGATIVE NUMBERS.
R INDICATES RECORD WAS SET OR TIED.
MM INDICATES DATA IS MISSING.
T INDICATES TRACE AMOUNT.
$$
NOTE: PRECIPITATION DATA MAY BE ERRONEOUS AT THIS SITE WHEN TEMPERATURES ARE BELOW FREEZING. PLEASE USE THIS DATA WITH CAUTION.