000
CXUS51 KPBZ 011338
CLMHLG
CLIMATE REPORT
NATIONAL WEATHER SERVICE PITTSBURGH PA
938 AM EDT TUE AUG 01 2023
...................................
...THE WHEELING WV CLIMATE SUMMARY FOR THE MONTH OF JULY 2023...
CLIMATE NORMAL PERIOD 1991 TO 2020
CLIMATE RECORD PERIOD 1878 TO 2023
WEATHER OBSERVED NORMAL DEPART LAST YEAR`S
VALUE DATE(S) VALUE FROM VALUE DATE(S)
NORMAL
................................................................
TEMPERATURE (F)
RECORD
HIGH 106 07/22/1934
LOW 38 07/12/1945
HIGHEST 89 07/28 90 -1 89 07/24
LOWEST 55 07/22 52 3 58 07/15
AVG. MAXIMUM 83.3 82.9 0.4 82.6
AVG. MINIMUM 64.7 63.3 1.4 65.5
MEAN 74.0 73.1 0.9 74.0
DAYS MAX >= 90 0 3.7 -3.7 0
DAYS MAX <= 32 0 0.0 0.0 0
DAYS MIN <= 32 0 0.0 0.0 0
DAYS MIN <= 0 0 0.0 0.0 0
PRECIPITATION (INCHES)
RECORD
MAXIMUM 9.67 1913
MINIMUM 0.57 2020
TOTALS 3.54 3.35 0.19 5.02
DAILY AVG. 0.11 0.11 0.01 0.16
DAYS >= .01 12 13.3 -1.3 12
DAYS >= .10 8 6.7 1.3 8
DAYS >= .50 2 2.0 0.0 5
DAYS >= 1.00 1 0.7 0.3 2
GREATEST
24 HR. TOTAL 1.05 07/29 TO 07/29 1.36
DEGREE DAYS
HEATING TOTAL 0 3 -3 0
SINCE 7/1 0 0 0 MM
COOLING TOTAL 286 254 32 286
SINCE 1/1 435 467 -32 MM
................................................................
WIND (MPH)
AVERAGE WIND SPEED 5.6
HIGHEST WIND SPEED/DIRECTION 39/220 DATE 07/14
HIGHEST GUST SPEED/DIRECTION 52/220 DATE 07/14
AVERAGE RH (PERCENT) 73
WEATHER CONDITIONS. NUMBER OF DAYS WITH
THUNDERSTORM 11 MIXED PRECIP 0
HEAVY RAIN 5 RAIN 7
LIGHT RAIN 14 FREEZING RAIN 0
LT FREEZING RAIN 0 HAIL 0
HEAVY SNOW 0 SNOW 0
LIGHT SNOW 0 SLEET 0
FOG 26 FOG W/VIS <= 1/4 MILE 10
HAZE 10
- INDICATES NEGATIVE NUMBERS.
R INDICATES RECORD WAS SET OR TIED.
MM INDICATES DATA IS MISSING.
T INDICATES TRACE AMOUNT.
$$