000
CXUS53 KGID 011156
CLMHSI
CLIMATE REPORT
NATIONAL WEATHER SERVICE HASTINGS NE
656 AM CDT MON MAY 01 2023
...................................
...THE HASTINGS NE CLIMATE SUMMARY FOR THE MONTH OF APRIL 2023...
CLIMATE NORMAL PERIOD 1991 TO 2020
CLIMATE RECORD PERIOD 1894 TO 2023
WEATHER OBSERVED NORMAL DEPART LAST YEAR`S
VALUE DATE(S) VALUE FROM VALUE DATE(S)
NORMAL
................................................................
TEMPERATURE (F)
RECORD
HIGH 96 04/23/1989
LOW 5 04/03/1936
HIGHEST 88 04/12 85 3 91 04/12
LOWEST 17 04/06 23 -6 23 04/09
04/15
04/16
AVG. MAXIMUM 66.0 63.1 2.9 64.7
AVG. MINIMUM 36.2 38.9 -2.7 36.0
MEAN 51.1 51.0 0.1 50.3
DAYS MAX >= 90 0 0.0 0.0 1
DAYS MAX <= 32 0 0.0 0.0 0
DAYS MIN <= 32 10 7.2 2.8 13
DAYS MIN <= 0 0 0.0 0.0 0
PRECIPITATION (INCHES)
RECORD
MAXIMUM 9.26 1896
MINIMUM 0.03 1989
TOTALS 0.69 2.70 -2.01 1.12
DAILY AVG. 0.02 0.09 -0.07 0.04
DAYS >= .01 5 8.7 -3.7 6
DAYS >= .10 2 5.3 -3.3 3
DAYS >= .50 0 1.8 -1.8 1
DAYS >= 1.00 0 0.8 -0.8 0
GREATEST
24 HR. TOTAL 0.29 04/18 TO 04/18
SNOWFALL (INCHES)
RECORDS
TOTAL 13.0 1944
TOTALS T 1.7 -1.7 T
SINCE 7/1 27.9 28.6 -0.7 MM
DAYS >= 1.0 0 MM MM 0
GREATEST
SNOW DEPTH MM 0 MM
24 HR TOTAL T 04/09 TO 04/09
DEGREE DAYS
HEATING TOTAL 425 427 -2 449
SINCE 7/1 5852 5686 166 MM
COOLING TOTAL 14 7 7 17
SINCE 1/1 14 8 6 MM
................................................................
WIND (MPH)
AVERAGE WIND SPEED MM
HIGHEST WIND SPEED/DIRECTION MM DATE MM
HIGHEST GUST SPEED/DIRECTION MM DATE MM
SKY COVER
POSSIBLE SUNSHINE (PERCENT) MM
AVERAGE SKY COVER 0.21
NUMBER OF DAYS FAIR 24
NUMBER OF DAYS PC 3
NUMBER OF DAYS CLOUDY 2
AVERAGE RH (PERCENT) 51
WEATHER CONDITIONS. NUMBER OF DAYS WITH
THUNDERSTORM 4 MIXED PRECIP 0
HEAVY RAIN 0 RAIN 1
LIGHT RAIN 6 FREEZING RAIN 0
LT FREEZING RAIN 0 HAIL 1
HEAVY SNOW 0 SNOW 0
LIGHT SNOW 0 SLEET 0
FOG 3 FOG W/VIS <= 1/4 MILE 1
HAZE 1
- INDICATES NEGATIVE NUMBERS.
R INDICATES RECORD WAS SET OR TIED.
MM INDICATES DATA IS MISSING.
T INDICATES TRACE AMOUNT.
$$