000
CXUS55 KTFX 011327
CLMHVR
CLIMATE REPORT
NATIONAL WEATHER SERVICE GREAT FALLS MT
727 AM MDT TUE AUG 01 2023
...................................
...THE HAVRE MT CLIMATE SUMMARY FOR THE MONTH OF JULY 2023...
CLIMATE NORMAL PERIOD 1991 TO 2020
CLIMATE RECORD PERIOD 1880 TO 2023
WEATHER OBSERVED NORMAL DEPART LAST YEAR`S
VALUE DATE(S) VALUE FROM VALUE
NORMAL
..............................................................
TEMPERATURE (F)
RECORD
HIGH 107 07/17/1936
07/25/1933
LOW 36 07/20/1895
HIGHEST 104 07/24 86 18 100
LOWEST 44 07/05 51 -7 42
AVG. MAXIMUM 88.1 85.8 2.3 89.1
AVG. MINIMUM 54.6 53.9 0.7 55.5
MEAN 71.3 69.8 1.5 72.3
DAYS MAX >= 90 12 11.1 0.9 16
DAYS MAX <= 32 0 0.0 0.0 0
DAYS MIN <= 32 0 0.0 0.0 0
DAYS MIN <= 0 0 0.0 0.0 0
PRECIPITATION (INCHES)
RECORD
MAXIMUM 9.67 1884
MINIMUM 0.01
TOTALS 0.17 1.53 -1.36 1.84
DAYS >= .01 6 7.7 -1.7
DAYS >= .10 0 3.6 -3.6
DAYS >= .50 0 0.9 -0.9
DAYS >= 1.00 0 0.2 -0.2
GREATEST
24 HR. TOTAL 0.07 07/12 TO 07/13
SNOWFALL (INCHES)
RECORDS
TOTAL MM MM
24 HR TOTAL MM
SNOW DEPTH MM MM
TOTALS 0.0 0.0 0.0 0.0
SINCE 7/1 0.0 0.0 0.0
SNOWDEPTH AVG. 0
DAYS >= TRACE 0 0.0 0.0
DAYS >= 1.0 0 0.0 0.0
GREATEST
SNOW DEPTH 0 0
24 HR TOTAL MM
DEGREE DAYS
HEATING TOTAL 7 26 -19 2
SINCE 7/1 7 23 -16 MM
COOLING TOTAL 211 176 35 234
SINCE 1/1 287 226 61 MM
..............................................................
WIND (MPH)
AVERAGE WIND SPEED 8.9
HIGHEST WIND SPEED/DIRECTION 40/320 DATE 07/29
HIGHEST GUST SPEED/DIRECTION 51/310 DATE 07/29
SKY COVER
AVERAGE SKY COVER 0.12
AVERAGE RH (PERCENT) 48
WEATHER CONDITIONS. NUMBER OF DAYS WITH
THUNDERSTORM 11 MIXED PRECIP 0
HEAVY RAIN 0 RAIN 0
LIGHT RAIN 7 FREEZING RAIN 0
LT FREEZING RAIN 0 HAIL 0
HEAVY SNOW 0 SNOW 0
LIGHT SNOW 0 SLEET 0
FOG 0 FOG W/VIS <= 1/4 MILE 0
HAZE 6
- INDICATES NEGATIVE NUMBERS.
R INDICATES RECORD WAS SET OR TIED.
MM INDICATES DATA IS MISSING.
T INDICATES TRACE AMOUNT.
$$