000
CXUS54 KHGX 012248
CLMIAH
CLIMATE REPORT
NATIONAL WEATHER SERVICE HOUSTON/GALVESTON TX
548 PM CDT TUE AUG 01 2023
...................................
...THE HOUSTON INTERCONTINENTAL CLIMATE SUMMARY FOR THE MONTH OF JULY 2023...
CLIMATE NORMAL PERIOD: 1991 TO 2020
CLIMATE RECORD PERIOD: 1889 TO 2023
WEATHER OBSERVED NORMAL DEPART LAST YEAR`S
VALUE DATE(S) VALUE FROM VALUE DATE(S)
NORMAL
................................................................
TEMPERATURE (F)
RECORD
HIGH 105 07/26/1954
LOW 62 07/14/1990
07/07/1972
HIGHEST 103 07/31 94 9 105 07/10
LOWEST 73 07/07 73 0 74 07/08
07/16
AVG. MAXIMUM 97.7 94.5 3.2 98.5
AVG. MINIMUM 77.8 75.7 2.1 77.6
MEAN 87.8 85.1 2.7 88.0
DAYS MAX >= 90 30 27.3 2.7 30
DAYS MAX <= 32 0 0.0 0.0 0
DAYS MIN <= 32 0 0.0 0.0 0
DAYS MIN <= 0 0 0.0 0.0 0
PRECIPITATION (INCHES)
RECORD
MAXIMUM 14.80 1900
TOTALS 2.98 3.77 -0.79
DAILY AVG. 0.10 0.12 -0.02 0.04
DAYS >= .01 3 9.1 -6.1 6
DAYS >= .10 2 5.7 -3.7 3
DAYS >= .50 2 2.3 -0.3 0
DAYS >= 1.00 1 1.0 0.0 0
GREATEST
24 HR. TOTAL 2.18 07/06 TO 07/06 0.43 07/23 TO 07/23
07/06 TO 07/06
07/23 TO 07/23
SNOWFALL (INCHES)
RECORDS
TOTAL 0.0 MM
TOTALS 0.0
SINCE 7/1 0.0
LIQUID 7/1 0.00
DAYS >= TRACE 0
GREATEST
24 HR TOTAL 0.0
DEGREE DAYS
HEATING TOTAL 0 0 0 0
SINCE 7/1 0 0 0 MM
COOLING TOTAL 716 623 93 720
SINCE 1/1 2110 1860 250 MM
................................................................
WIND (MPH)
AVERAGE WIND SPEED 6.3
HIGHEST WIND SPEED/DIRECTION 29/140 DATE 07/07
HIGHEST GUST SPEED/DIRECTION 39/150 DATE 07/07
SKY COVER
AVERAGE SKY COVER 0.43
AVERAGE RH (PERCENT) 67
WEATHER CONDITIONS. NUMBER OF DAYS WITH
THUNDERSTORM 4 MIXED PRECIP 0
HEAVY RAIN 3 RAIN 2
LIGHT RAIN 5 FREEZING RAIN 0
LT FREEZING RAIN 0 HAIL 0
HEAVY SNOW 0 SNOW 0
LIGHT SNOW 0 SLEET 0
FOG 1 FOG W/VIS <= 1/4 MILE 0
HAZE 0
- INDICATES NEGATIVE NUMBERS.
R INDICATES RECORD WAS SET OR TIED.
MM INDICATES DATA IS MISSING.
T INDICATES TRACE AMOUNT.
$$