000
CXUS54 KHGX 010720
CLMIAH
CLIMATE REPORT
NATIONAL WEATHER SERVICE HOUSTON/GALVESTON TX
220 AM CDT SAT APR 01 2023
...................................
...THE HOUSTON INTERCONTINENTAL CLIMATE SUMMARY FOR THE MONTH OF MARCH 2023...
CLIMATE NORMAL PERIOD: 1991 TO 2020
CLIMATE RECORD PERIOD: 1892 TO 2023
WEATHER OBSERVED NORMAL DEPART LAST YEAR`S
VALUE DATE(S) VALUE FROM VALUE DATE(S)
NORMAL
................................................................
TEMPERATURE (F)
RECORD
HIGH 96 03/30/1946
LOW 21 03/03/1943
HIGHEST 87 03/08 73 14 86 03/26
03/27
LOWEST 37 03/20 51 -14 32 03/12
03/13
AVG. MAXIMUM 76.8 74.0 2.8 74.6
AVG. MINIMUM 57.6 53.6 4.0 49.5
MEAN 67.2 63.8 3.4 62.0
DAYS MAX >= 90 0 0.1 -0.1 0
DAYS MAX <= 32 0 0.0 0.0 0
DAYS MIN <= 32 0 0.7 -0.7 2
DAYS MIN <= 0 0 0.0 0.0 0
PRECIPITATION (INCHES)
RECORD
MAXIMUM 10.66 1922
TOTALS 1.15 3.47 -2.32
DAILY AVG. 0.04 0.11 -0.07 0.09
DAYS >= .01 7 8.8 -1.8 9
DAYS >= .10 2 4.8 -2.8 6
DAYS >= .50 1 2.1 -1.1 1
DAYS >= 1.00 0 1.2 -1.2 1
GREATEST
24 HR. TOTAL 0.76 03/17 TO 03/17 1.40 03/22 TO 03/22
SNOWFALL (INCHES)
RECORDS
TOTAL T 1992
TOTALS 0.0
SINCE 7/1 0.0
LIQUID 7/1 0.00
DAYS >= TRACE 0
GREATEST
24 HR TOTAL MM
DEGREE DAYS
HEATING TOTAL 80 122 -42 146
SINCE 7/1 1094 1234 -140 MM
COOLING TOTAL 155 85 70 60
SINCE 1/1 287 134 153 MM
................................................................
WIND (MPH)
AVERAGE WIND SPEED 9.6
HIGHEST WIND SPEED/DIRECTION 37/140 DATE 03/31
HIGHEST GUST SPEED/DIRECTION 45/140 DATE 03/31
SKY COVER
AVERAGE SKY COVER 0.69
AVERAGE RH (PERCENT) 70
WEATHER CONDITIONS. NUMBER OF DAYS WITH
THUNDERSTORM 1 MIXED PRECIP 0
HEAVY RAIN 2 RAIN 2
LIGHT RAIN 15 FREEZING RAIN 0
LT FREEZING RAIN 0 HAIL 0
HEAVY SNOW 0 SNOW 0
LIGHT SNOW 0 SLEET 0
FOG 16 FOG W/VIS <= 1/4 MILE 2
HAZE 6
- INDICATES NEGATIVE NUMBERS.
R INDICATES RECORD WAS SET OR TIED.
MM INDICATES DATA IS MISSING.
T INDICATES TRACE AMOUNT.
$$