000
CXUS53 KDVN 011130
CLMIOW
CLIMATE REPORT
NATIONAL WEATHER SERVICE QUAD CITIES IA IL
630 AM CDT SAT JUL 01 2023
...................................
...THE IOWA CITY IA CLIMATE SUMMARY FOR THE MONTH OF JUNE 2023...
CLIMATE NORMAL PERIOD 1991 TO 2020
CLIMATE RECORD PERIOD 9999 TO 9999
WEATHER OBSERVED NORMAL DEPART LAST YEAR`S
VALUE DATE(S) VALUE FROM VALUE
NORMAL
..............................................................
TEMPERATURE (F)
HIGHEST 94 06/24 84 10
LOWEST 44R 06/12 57 -13
AVG. MAXIMUM 85.4 82.6 2.8
AVG. MINIMUM 60.6 62.1 -1.5
MEAN 73.0 72.4 0.6
DAYS MAX >= 90 9
DAYS MAX <= 32 0
DAYS MIN <= 32 0
DAYS MIN <= 0 0
PRECIPITATION (INCHES)
TOTALS 1.39R 5.29 -3.90
DAILY AVG. 0.05 0.18 -0.13
DAYS >= .01 9
DAYS >= .10 5
DAYS >= .50 1
DAYS >= 1.00 0
GREATEST
24 HR. TOTAL 0.61 06/24 TO 06/25
DEGREE DAYS
HEATING TOTAL 11 13 -2
SINCE 7/1 5892 6112 -220
COOLING TOTAL 257 233 24
SINCE 1/1 335 314 21
..............................................................
WIND (MPH)
AVERAGE WIND SPEED 5.9
HIGHEST WIND SPEED/DIRECTION 32/270 DATE 06/25
HIGHEST GUST SPEED/DIRECTION 45/280 DATE 06/25
SKY COVER
POSSIBLE SUNSHINE (PERCENT) MM
AVERAGE SKY COVER 0.23
NUMBER OF DAYS FAIR 23
NUMBER OF DAYS PC 6
NUMBER OF DAYS CLOUDY 1
AVERAGE RH (PERCENT) 61
WEATHER CONDITIONS. NUMBER OF DAYS WITH
THUNDERSTORM 9 HAIL 0
SLEET 0 FOG 12
FOG W/VIS <= 1/4 MILE 1 HAZE 8
- INDICATES NEGATIVE NUMBERS.
R INDICATES RECORD WAS SET OR TIED.
MM INDICATES DATA IS MISSING.
T INDICATES TRACE AMOUNT.
$$