000
CXUS54 KJAN 012225
CLMJAN
CLIMATE REPORT
NATIONAL WEATHER SERVICE JACKSON MS
525 PM CDT TUE AUG 01 2023
...................................
...THE JACKSON CLIMATE SUMMARY FOR THE MONTH OF JULY 2023...
CLIMATE NORMAL PERIOD: 1991 TO 2020
CLIMATE RECORD PERIOD: 1896 TO 2023
WEATHER OBSERVED NORMAL DEPART LAST YEAR`S
VALUE DATE(S) VALUE FROM VALUE DATE(S)
NORMAL
................................................................
TEMPERATURE (F)
RECORD
HIGH 107 07/29/1930
LOW 51 07/15/1967
HIGHEST 101 07/28 98 3 97 07/09
LOWEST 67 07/24 65 2 70 07/31
AVG. MAXIMUM 94.8 92.1 2.7 93.0
AVG. MINIMUM 74.5 72.2 2.3 73.5
MEAN 84.7 82.1 2.6 83.2
DAYS MAX >= 90 29 24.1 4.9 28
DAYS MAX <= 32 0 0.0 0.0 0
DAYS MIN <= 32 0 0.0 0.0 0
DAYS MIN <= 0 0 0.0 0.0 0
PRECIPITATION (INCHES)
RECORD
MAXIMUM 13.25 1979
MINIMUM 0.21 1924
TOTALS 2.33 5.02 -2.69 2.50
DAILY AVG. 0.08 0.16 -0.08 0.08
DAYS >= .01 8 11.3 -3.3 14
DAYS >= .10 6 7.5 -1.5 6
DAYS >= .50 2 3.4 -1.4 1
DAYS >= 1.00 0 1.5 -1.5 0
GREATEST
24 HR. TOTAL 0.82 07/04 TO 07/04 2.21
SNOWFALL (INCHES)
RECORDS
TOTAL 0.0 MM
TOTALS 0.0 0.0 0.0 0.0
SINCE 7/1 0.0 0.0 0.0 MM
DAYS >= TRACE 0
DAYS >= 1.0 0 0.0 0.0 0
GREATEST
24 HR TOTAL MM
DEGREE DAYS
HEATING TOTAL 0 0 0 0
SINCE 7/1 0 0 0 MM
COOLING TOTAL 617 532 85 573
SINCE 1/1 1642 1366 276 MM
................................................................
WIND (MPH)
AVERAGE WIND SPEED 4.8
HIGHEST WIND SPEED/DIRECTION 38/040 DATE 07/28
HIGHEST GUST SPEED/DIRECTION 54/030 DATE 07/28
SKY COVER
POSSIBLE SUNSHINE (PERCENT) MM
AVERAGE SKY COVER 0.31
NUMBER OF DAYS FAIR 18
NUMBER OF DAYS PC 13
NUMBER OF DAYS CLOUDY 0
AVERAGE RH (PERCENT) 69
WEATHER CONDITIONS. NUMBER OF DAYS WITH
THUNDERSTORM 12 MIXED PRECIP 0
HEAVY RAIN 6 RAIN 6
LIGHT RAIN 12 FREEZING RAIN 0
LT FREEZING RAIN 0 HAIL 0
HEAVY SNOW 0 SNOW 0
LIGHT SNOW 0 SLEET 0
FOG 10 FOG W/VIS <= 1/4 MILE 0
HAZE 5
- INDICATES NEGATIVE NUMBERS.
R INDICATES RECORD WAS SET OR TIED.
MM INDICATES DATA IS MISSING.
T INDICATES TRACE AMOUNT.
$$