000
CXUS51 KCTP 010840
CLMJST
CLIMATE REPORT
NATIONAL WEATHER SERVICE STATE COLLEGE PA
340 AM EST FRI DEC 01 2023
...................................
...THE JOHNSTOWN CLIMATE SUMMARY FOR THE MONTH OF NOVEMBER 2023...
CLIMATE NORMAL PERIOD 1991 TO 2020
CLIMATE RECORD PERIOD 1892 TO 2023
WEATHER OBSERVED NORMAL DEPART LAST YEAR`S
VALUE DATE(S) VALUE FROM VALUE DATE(S)
NORMAL
................................................................
TEMPERATURE (F)
RECORD
HIGH 83 11/07/1938
LOW 1 11/29/1930
HIGHEST 64 11/07 74 11/06
LOWEST 13 11/29 16 11/19
11/20
11/21
AVG. MAXIMUM 48.9 47.4 1.5 49.9
AVG. MINIMUM 32.3 32.8 -0.5 35.2
MEAN 40.6 40.1 0.5 42.5
DAYS MAX >= 90 0 0.0 0.0 0
DAYS MAX <= 32 2 3.1 -1.1 5
DAYS MIN <= 32 13 15.5 -2.5 13
DAYS MIN <= 0 0 0.0 0.0 0
PRECIPITATION (INCHES)
RECORD
MAXIMUM 10.24 1985
MINIMUM 0.45 1917
TOTALS 2.49 3.11 -0.62 4.30
DAILY AVG. 0.08 0.10 -0.02 0.14
DAYS >= .01 9 12.7 -3.7 13
DAYS >= .10 4 6.1 -2.1 7
DAYS >= .50 2 1.4 0.6 1
DAYS >= 1.00 1 0.6 0.4 1
GREATEST
24 HR. TOTAL 1.44 11/21 TO 11/22 2.47 11/11 TO 11/12
DEGREE DAYS
HEATING TOTAL 722 747 -25 670
SINCE 7/1 1243 1370 -127 MM
COOLING TOTAL 0 0 0 2
SINCE 1/1 450 480 -30 MM
................................................................
WIND (MPH)
AVERAGE WIND SPEED 9.5
HIGHEST WIND SPEED/DIRECTION 29/290 DATE 11/28
HIGHEST GUST SPEED/DIRECTION 43/160 DATE 11/21
43/290 11/27
43/290 11/28
SKY COVER
POSSIBLE SUNSHINE (PERCENT) MM
AVERAGE SKY COVER 0.38
NUMBER OF DAYS FAIR 13
NUMBER OF DAYS PC 12
NUMBER OF DAYS CLOUDY 5
AVERAGE RH (PERCENT) 66
WEATHER CONDITIONS. NUMBER OF DAYS WITH
THUNDERSTORM 0 MIXED PRECIP 0
HEAVY RAIN 2 RAIN 4
LIGHT RAIN 8 FREEZING RAIN 1
LT FREEZING RAIN 1 HAIL 0
HEAVY SNOW 1 SLEET 0
FOG 11 FOG W/VIS <= 1/4 MILE 4
HAZE 1
- INDICATES NEGATIVE NUMBERS.
R INDICATES RECORD WAS SET OR TIED.
MM INDICATES DATA IS MISSING.
T INDICATES TRACE AMOUNT.
$$