000
CXUS54 KLUB 021418
CLMLBB
CLIMATE REPORT
NATIONAL WEATHER SERVICE LUBBOCK TX
818 AM CST TUE JAN 02 2024
...................................
...THE LUBBOCK CLIMATE SUMMARY FOR THE MONTH OF DECEMBER 2023...
CLIMATE NORMAL PERIOD 1991 TO 2020
CLIMATE RECORD PERIOD 1911 TO 2024
WEATHER OBSERVED NORMAL DEPART LAST YEAR`S
VALUE DATE(S) VALUE FROM VALUE DATE(S)
NORMAL
................................................................
TEMPERATURE (F)
RECORD
HIGH 83 12/06/1939
LOW -2 12/22/1989
12/28/1924
HIGHEST 78 12/07 76 12/02
12/05
LOWEST 19 12/10 5 12/22
AVG. MAXIMUM 59.1 55.1 4.0 56.3
AVG. MINIMUM 32.1 28.3 3.8 31.6
MEAN 45.6 41.7 3.9 44.0
DAYS MAX >= 90 0 0.0 0.0 0
DAYS MAX <= 32 0 1.3 -1.3 1
DAYS MIN <= 32 19 22.5 -3.5 15
DAYS MIN <= 0 0 0.0 0.0 0
PRECIPITATION (INCHES)
RECORD
MAXIMUM 2.70 1942
MINIMUM 0.00 1955
TOTALS 1.28 0.75 0.53 0.41
DAILY AVG. 0.04 0.02 0.02 0.01
DAYS >= .01 4 3.6 0.4 4
DAYS >= .10 3 1.8 1.2 1
DAYS >= .50 0 0.4 -0.4 0
DAYS >= 1.00 0 0.1 -0.1 0
GREATEST
24 HR. TOTAL 0.45 12/14 TO 12/14
SNOWFALL (INCHES)
RECORDS
TOTAL 11.2 2015
24 HR TOTAL T 12/02/2020 TO 12/02/2020
SNOW DEPTH MM MM
TOTALS 0.0 2.4 -2.4 0.0
SINCE 7/1 T 3.5 -3.5 MM
SNOWDEPTH AVG. 0 0
DAYS >= TRACE 0 1.2 -1.2 0
DAYS >= 1.0 0 0.6 -0.6 0
GREATEST
SNOW DEPTH 0 0 MM
24 HR TOTAL 0.0 MM
DEGREE DAYS
HEATING TOTAL 594 722 -128 646
SINCE 7/1 1135 1356 -221 MM
COOLING TOTAL 0 0 0 0
SINCE 1/1 2436 1948 488 MM
................................................................
WIND (MPH)
AVERAGE WIND SPEED 10.7
HIGHEST WIND SPEED/DIRECTION 43/290 DATE 12/02
HIGHEST GUST SPEED/DIRECTION 61/300 DATE 12/02
SKY COVER
POSSIBLE SUNSHINE (PERCENT) MM
AVERAGE SKY COVER 0.37
NUMBER OF DAYS FAIR 18
NUMBER OF DAYS PC 10
NUMBER OF DAYS CLOUDY 3
AVERAGE RH (PERCENT) 59
WEATHER CONDITIONS. NUMBER OF DAYS WITH
THUNDERSTORM 3 MIXED PRECIP 0
HEAVY RAIN 0 RAIN 3
LIGHT RAIN 5 FREEZING RAIN 0
LT FREEZING RAIN 0 HAIL 0
HEAVY SNOW 0 SNOW 0
LIGHT SNOW 0 SLEET 0
FOG 7 FOG W/VIS <= 1/4 MILE 0
HAZE 2
- INDICATES NEGATIVE NUMBERS.
R INDICATES RECORD WAS SET OR TIED.
MM INDICATES DATA IS MISSING.
T INDICATES TRACE AMOUNT.
$$