000
CXUS52 KMLB 011642
CLMLEE
CLIMATE REPORT
NATIONAL WEATHER SERVICE MELBOURNE FL
1142 AM EST THU FEB 01 2024
...................................
...THE LEESBURG CLIMATE SUMMARY FOR THE MONTH OF JANUARY 2024...
CLIMATE NORMAL PERIOD 1991 TO 2020
CLIMATE RECORD PERIOD 1958 TO 2024
WEATHER OBSERVED NORMAL DEPART LAST YEAR`S
VALUE DATE(S) VALUE FROM VALUE
NORMAL
..............................................................
TEMPERATURE (F)
MONTHLY RECORD
HOTTEST 70.5 1974
COLDEST 48.3 1981
DAILY RECORD
HIGH 86 01/03/2020
01/31/1991
LOW 16 01/22/1985
01/21/1985
JANUARY 2024
HIGHEST 84 01/27 85
LOWEST 34 01/21 35
AVG. MAXIMUM 69.8 69.9 -0.1 74.3
AVG. MINIMUM 49.1 48.9 0.2 51.6
MEAN 59.4 59.4 0.0 63.0
DAYS MAX >= 90 0 0.0 0.0 0
DAYS MAX <= 32 0 0.0 0.0 0
DAYS MIN <= 32 0 1.4 -1.4 0
DAYS MIN <= 0 0 0.0 0.0 0
PRECIPITATION (INCHES)
MONTHLY RECORD
MAXIMUM 7.84 1986
MINIMUM 0.10 1974
DAILY RECORD
MAXIMUM 3.43 01/01/1991
JANUARY 2024
TOTALS 2.00 2.51 -0.51 1.22
DAYS >= .01 12 7
DAYS >= .10 5 4
DAYS >= .50 1 0
DAYS >= 1.00 0 0
GREATEST
24 HR. TOTAL 0.57 01/09 TO 01/09
SNOWFALL (INCHES)
TOTALS 0.0 MM MM 0.0
SINCE 7/1 0.0 MM MM MM
DAYS >= TRACE 0 0
DEGREE DAYS
HEATING TOTAL 207 212 -5 130
SINCE 7/1 384 425 -41 MM
COOLING TOTAL 41 38 3 73
SINCE 1/1 41 38 3 MM
..............................................................
WIND (MPH)
AVERAGE WIND SPEED 7.1
HIGHEST WIND SPEED/DIRECTION 29/290 DATE 01/09
HIGHEST GUST SPEED/DIRECTION 48/290 DATE 01/09
SKY COVER
POSSIBLE SUNSHINE (PERCENT) MM
AVERAGE SKY COVER 0.34
NUMBER OF DAYS FAIR 20
NUMBER OF DAYS PC 6
NUMBER OF DAYS CLOUDY 5
AVERAGE RH (PERCENT) 74
WEATHER CONDITIONS. NUMBER OF DAYS WITH
THUNDERSTORM 3 MIXED PRECIP 0
HEAVY RAIN 5 RAIN 6
LIGHT RAIN 15 LT FREEZING RAIN 0
HAIL 0 LIGHT SNOW 0
SLEET 0 FOG 18
FOG W/VIS <= 1/4 MILE 4 HAZE 3
- INDICATES NEGATIVE NUMBERS.
R INDICATES RECORD WAS SET OR TIED.
MM INDICATES DATA IS MISSING.
T INDICATES TRACE AMOUNT.
$$