000
CXUS56 KHNX 010833
CLMMAE
CLIMATE REPORT
NATIONAL WEATHER SERVICE
133 AM PDT MON MAY 01 2023
...................................
...THE MADERA CA AIRPORT CLIMATE SUMMARY FOR THE MONTH OF APRIL 2023...
CLIMATE NORMAL PERIOD 1991 TO 2020
CLIMATE RECORD PERIOD 1898 TO 2023
WEATHER OBSERVED NORMAL DEPART LAST YEAR`S
VALUE DATE(S) VALUE FROM VALUE DATE(S)
NORMAL
................................................................
TEMPERATURE (F)
RECORD
HIGH 99 04/24/1946
LOW 29 04/21/1963
04/10/1945
04/03/1945
HIGHEST 95 04/28 MM 95 04/08
LOWEST 34 04/05 MM 34 04/12
04/13
MEAN 59.5 60.7 -1.2 60.4
DAYS MAX >= 90 3 1.7 1.3 2
DAYS MIN <= 32 0 0.2 -0.2 0
PRECIPITATION (INCHES)
RECORD
MAXIMUM 5.47 1967
MINIMUM 0.00 1997
TOTALS T 0.89 -0.89
DAYS >= .01 0 5.0 -5.0 1
DAYS >= .10 0 2.4 -2.4 1
DAYS >= .50 0 0.5 -0.5 0
DAYS >= 1.00 0 0.1 -0.1 0
SNOWFALL (INCHES)
RECORDS
TOTAL MM MM
TOTALS 0.0 MM
DEGREE DAYS
HEATING TOTAL 194 159 35 146
SINCE 7/1 2667 2313 354 MM
COOLING TOTAL 36 30 6 15
SINCE 1/1 36 33 3 MM
................................................................
WIND (MPH)
AVERAGE WIND SPEED 6.6
HIGHEST WIND SPEED/DIRECTION 32/320 DATE 04/03
HIGHEST GUST SPEED/DIRECTION 40/330 DATE 04/03
AVERAGE RH (PERCENT) 64
WEATHER CONDITIONS. NUMBER OF DAYS WITH
THUNDERSTORM 0 RAIN 0
HAIL 0 FOG 1
FOG W/VIS <= 1/4 MILE 0 HAZE 0
- INDICATES NEGATIVE NUMBERS.
R INDICATES RECORD WAS SET OR TIED.
MM INDICATES DATA IS MISSING.
T INDICATES TRACE AMOUNT.
$$