000
CXUS51 KCTP 010723
CLMMDT
CLIMATE REPORT
NATIONAL WEATHER SERVICE STATE COLLEGE PA
323 AM EDT MON APR 01 2024
...................................
...THE HARRISBURG PA CLIMATE SUMMARY FOR THE MONTH OF MARCH 2024...
CLIMATE NORMAL PERIOD 1991 TO 2020
CLIMATE RECORD PERIOD 1888 TO 2024
WEATHER OBSERVED NORMAL DEPART LAST YEAR`S
VALUE DATE(S) VALUE FROM VALUE DATE(S)
NORMAL
................................................................
TEMPERATURE (F)
RECORD
HIGH 87 03/30/1998
LOW 03/07/2015
HIGHEST 76 03/14 65 03/22
03/27
LOWEST 25 03/01 23 03/20
03/22
AVG. MAXIMUM 55.9 51.3 4.6 52.2
AVG. MINIMUM 36.8 32.3 4.5 33.9
MEAN 46.3 41.8 4.5 43.0
DAYS MAX >= 90 0 0.0 0.0 0
DAYS MAX <= 32 0 1.0 -1.0 0
DAYS MIN <= 32 7 16.2 -9.2 14
DAYS MIN <= 0 0 0.1 -0.1 0
PRECIPITATION (INCHES)
RECORD
MAXIMUM 6.61 1936
MINIMUM 0.25 1910
TOTALS 3.96 3.70 0.26 2.78
DAILY AVG. 0.13 0.12 0.01 0.09
DAYS >= .01 12 11.0 1.0 12
DAYS >= .10 7 6.6 0.4 6
DAYS >= .50 3 2.3 0.7 2
DAYS >= 1.00 2 0.9 1.1 1
GREATEST
24 HR. TOTAL 1.27 03/22 TO 03/23 1.42 03/03 TO 03/04
SNOWFALL (INCHES)
RECORDS
TOTAL 22.8 1993
TOTALS T 5.6 -5.6 T
SINCE 7/1 18.7 29.5 -10.8 MM
SNOWDEPTH AVG. 0 -1
DAYS >= 1.0 0 1.3 -1.3 0
GREATEST
SNOW DEPTH 0 MM 03/14
03/14
24 HR TOTAL MM MM
DEGREE DAYS
HEATING TOTAL 573 720 -147 672
SINCE 7/1 3850 4527 -677 MM
COOLING TOTAL 0 1 -1 0
SINCE 1/1 0 1 -1 MM
................................................................
WIND (MPH)
AVERAGE WIND SPEED 9.2
HIGHEST WIND SPEED/DIRECTION 39/300 DATE 03/10
39/300 03/20
HIGHEST GUST SPEED/DIRECTION 54/300 DATE 03/10
SKY COVER
POSSIBLE SUNSHINE (PERCENT) MM
AVERAGE SKY COVER 0.62
NUMBER OF DAYS FAIR 7
NUMBER OF DAYS PC 11
NUMBER OF DAYS CLOUDY 13
AVERAGE RH (PERCENT) 63
WEATHER CONDITIONS. NUMBER OF DAYS WITH
THUNDERSTORM 2 MIXED PRECIP 0
HEAVY RAIN 1 RAIN 6
LIGHT RAIN 15 FREEZING RAIN 0
LT FREEZING RAIN 0 HAIL 0
HEAVY SNOW 0 SNOW 0
LIGHT SNOW 1 SLEET 0
FOG 13 FOG W/VIS <= 1/4 MILE 2
HAZE 2
- INDICATES NEGATIVE NUMBERS.
R INDICATES RECORD WAS SET OR TIED.
MM INDICATES DATA IS MISSING.
T INDICATES TRACE AMOUNT.
$$