000
CXUS54 KJAN 012225
CLMMEI
CLIMATE REPORT
NATIONAL WEATHER SERVICE JACKSON MS
525 PM CDT TUE AUG 01 2023
...................................
...THE MERIDIAN CLIMATE SUMMARY FOR THE MONTH OF JULY 2023...
CLIMATE NORMAL PERIOD: 1991 TO 2020
CLIMATE RECORD PERIOD: 1889 TO 2023
WEATHER OBSERVED NORMAL DEPART LAST YEAR`S
VALUE DATE(S) VALUE FROM VALUE DATE(S)
NORMAL
................................................................
TEMPERATURE (F)
RECORD
HIGH 107 07/14/1980
LOW 54 07/23/1947
HIGHEST 99 07/29 99 0 99 07/09
LOWEST 66 07/24 64 2 70 07/22
AVG. MAXIMUM 93.4 93.3 0.1 93.8
AVG. MINIMUM 72.7 72.0 0.7 73.1
MEAN 83.0 82.7 0.3 83.5
DAYS MAX >= 90 28 24.1 3.9 30
DAYS MAX <= 32 0 0.0 0.0 0
DAYS MIN <= 32 0 0.0 0.0 0
DAYS MIN <= 0 0 0.0 0.0 0
PRECIPITATION (INCHES)
RECORD
MAXIMUM 15.29 1959
MINIMUM 0.56 1918
TOTALS 6.97 5.11 1.86 5.17
DAILY AVG. 0.22 0.16 0.06 0.17
DAYS >= .01 15 11.9 3.1 12
DAYS >= .10 11 8.2 2.8 10
DAYS >= .50 6 3.5 2.5 3
DAYS >= 1.00 2 1.6 0.4 1
GREATEST
24 HR. TOTAL 2.50 07/12 TO 07/13 2.51
SNOWFALL (INCHES)
RECORDS
TOTAL 0.0 MM
TOTALS 0.0 0.0 0.0 0.0
SINCE 7/1 0.0 0.0 0.0 MM
DAYS >= TRACE 0
DAYS >= 1.0 0 0.0 0.0 0
GREATEST
24 HR TOTAL MM
DEGREE DAYS
HEATING TOTAL 0 0 0 0
SINCE 7/1 0 0 0 MM
COOLING TOTAL 567 547 20 580
SINCE 1/1 1507 1413 94 MM
................................................................
WIND (MPH)
AVERAGE WIND SPEED 3.8
HIGHEST WIND SPEED/DIRECTION 30/360 DATE 07/15
HIGHEST GUST SPEED/DIRECTION 47/360 DATE 07/30
SKY COVER
POSSIBLE SUNSHINE (PERCENT) MM
AVERAGE SKY COVER 0.19
NUMBER OF DAYS FAIR 26
NUMBER OF DAYS PC 5
NUMBER OF DAYS CLOUDY 0
AVERAGE RH (PERCENT) 76
WEATHER CONDITIONS. NUMBER OF DAYS WITH
THUNDERSTORM 18 MIXED PRECIP 0
HEAVY RAIN 10 RAIN 11
LIGHT RAIN 16 FREEZING RAIN 0
LT FREEZING RAIN 0 HAIL 0
HEAVY SNOW 0 SNOW 0
LIGHT SNOW 0 SLEET 0
FOG 17 FOG W/VIS <= 1/4 MILE 2
HAZE 10
- INDICATES NEGATIVE NUMBERS.
R INDICATES RECORD WAS SET OR TIED.
MM INDICATES DATA IS MISSING.
T INDICATES TRACE AMOUNT.
$$