000
CXUS54 KBMX 031528
CLMMGM
CLIMATE REPORT
NATIONAL WEATHER SERVICE BIRMINGHAM AL
1028 AM CDT SAT JUN 03 2023
...................................
...THE MONTGOMERY CLIMATE SUMMARY FOR THE MONTH OF MAY 2023...
CLIMATE NORMAL PERIOD 1991 TO 2020
CLIMATE RECORD PERIOD 1872 TO 2023
WEATHER OBSERVED NORMAL DEPART LAST YEAR`S
VALUE DATE(S) VALUE FROM VALUE DATE(S)
NORMAL
................................................................
TEMPERATURE (F)
RECORD
HIGH 99 05/27/1916
LOW 40 05/04/1971
HIGHEST 94 05/14 MM MM 93 05/21
LOWEST 46 05/02 MM MM 53 05/08
05/03
05/04
AVG. MAXIMUM 83.6 86.0 -2.4 86.9
AVG. MINIMUM 61.7 61.3 0.4 64.9
MEAN 72.7 75.9
DAYS MAX >= 90 4 6.8 -2.8 10
DAYS MAX <= 32 0 0.0 0.0 0
DAYS MIN <= 32 0 0.0 0.0 0
DAYS MIN <= 0 0 0.0 0.0 0
PRECIPITATION (INCHES)
RECORD
MAXIMUM 12.74 2017
MINIMUM 0.23 2007
TOTALS 2.66 3.88 -1.22 4.56
DAILY AVG. 0.09 0.13 -0.04 0.15
DAYS >= .01 10 8.1 1.9 8
DAYS >= .10 4 5.6 -1.6 6
DAYS >= .50 1 2.3 -1.3 4
DAYS >= 1.00 1 1.1 -0.1 2
DEGREE DAYS
HEATING TOTAL 10 8 2 0
SINCE 7/1 1496 1996 -500 MM
COOLING TOTAL 256 277 -21 344
SINCE 1/1 522 425 97 MM
................................................................
WIND (MPH)
AVERAGE WIND SPEED 5.8
HIGHEST WIND SPEED/DIRECTION 33/040 DATE 05/14
HIGHEST GUST SPEED/DIRECTION 52/050 DATE 05/14
AVERAGE RH (PERCENT) 71
WEATHER CONDITIONS. NUMBER OF DAYS WITH
THUNDERSTORM 11 MIXED PRECIP 0
HEAVY RAIN 4 RAIN 5
LIGHT RAIN 15 FREEZING RAIN 0
LT FREEZING RAIN 0 HAIL 0
HEAVY SNOW 0 SNOW 0
LIGHT SNOW 0 SLEET 0
FOG 9 FOG W/VIS <= 1/4 MILE 0
HAZE 1
- INDICATES NEGATIVE NUMBERS.
R INDICATES RECORD WAS SET OR TIED.
MM INDICATES DATA IS MISSING.
T INDICATES TRACE AMOUNT.
$$