000
CXUS51 KOKX 020024
CLMNYC
NYCCLMNYC 000
TTAA00 OKX 020023
CLIMATE REPORT
NATIONAL WEATHER SERVICE NEW YORK, NY
823 PM EDT MON MAY 01 2023
...................................
...THE CENTRAL PARK NY CLIMATE SUMMARY FOR THE MONTH OF APRIL 2023...
CLIMATE NORMAL PERIOD 1991 TO 2020
CLIMATE RECORD PERIOD 1869 TO 2023
WEATHER OBSERVED NORMAL DEPART LAST YEAR`S
VALUE DATE(S) VALUE FROM VALUE DATE(S)
NORMAL
................................................................
TEMPERATURE (F)
RECORD
HIGH 96 04/17/2002
04/18/1976
LOW 12 04/01/1923
HIGHEST 91 04/14 MM MM 79 04/14
LOWEST 37 04/08 MM MM 38 04/02
AVG. MAXIMUM 66.2 61.8 4.4 60.5
AVG. MINIMUM 49.0 45.5 3.5 45.0
MEAN 57.6 53.7 3.9 52.8
DAYS MAX >= 90 2 0.0 2.0 0
DAYS MAX <= 32 0 0.0 0.0 0
DAYS MIN <= 32 0 1.0 -1.0 0
DAYS MIN <= 0 0 0.0 0.0 0
PRECIPITATION (INCHES)
RECORD
MAXIMUM 14.01 1983
MINIMUM 0.95 1881
TOTALS 7.70 4.09 3.61 4.53
DAILY AVG. 0.26 0.14 0.12 0.15
DAYS >= .01 7 11.4 -4.4 13
DAYS >= .10 6 6.5 -0.5 7
DAYS >= .50 4 2.4 1.6 3
DAYS >= 1.00 3 1.0 2.0 2
GREATEST
24 HR. TOTAL 2.76 04/28 TO 04/29 2.09 04/18 TO 04/19
STORM TOTAL 2.46 1.24
(MM/DD(HH)) MM
SNOWFALL (INCHES)
TOTALS 0.0 0.4 -0.4 0.0
LIQUID EQUIV 0.00 0.00 0.00 0.00
SINCE 7/1 2.3 29.8 -27.5 MM
LIQUID 7/1 0.23 2.90 -2.67 MM
SNOWDEPTH AVG. 0 0
DAYS >= TRACE 0 0.0 0.0 0
DAYS >= 1.0 0 0.0 0.0 0
GREATEST
SNOW DEPTH 0 0 MM
24 HR TOTAL MM MM
STORM TOTAL 0.0 0.0
(MM/DD(HH)) MM
DEGREE DAYS
HEATING TOTAL 256 354 -98 365
SINCE 7/1 3721 4416 -695 MM
COOLING TOTAL 41 14 27 3
SINCE 1/1 41 15 26 MM
................................................................
WIND (MPH)
AVERAGE WIND SPEED 5.1
HIGHEST WIND SPEED/DIRECTION 23/300 DATE 04/02
23/060 04/05
HIGHEST GUST SPEED/DIRECTION 43/100 DATE 04/29
AVERAGE RH (PERCENT) 55
WEATHER CONDITIONS. NUMBER OF DAYS WITH
THUNDERSTORM 2 MIXED PRECIP 0
HEAVY RAIN 4 RAIN 6
LIGHT RAIN 9 FREEZING RAIN 0
LT FREEZING RAIN 0 HAIL 0
HEAVY SNOW 0 SNOW 0
LIGHT SNOW 0 SLEET 0
FOG 11 FOG W/VIS <= 1/4 MILE 0
HAZE 3
- INDICATES NEGATIVE NUMBERS.
R INDICATES RECORD WAS SET OR TIED.
MM INDICATES DATA IS MISSING.
T INDICATES TRACE AMOUNT.
$$