000
CXUS53 KDDC 011533
CLMP28
CLIMATE REPORT
NATIONAL WEATHER SERVICE DODGE CITY, KANSAS
933 AM CST FRI DEC 01 2023
...................................
...THE MEDICINE LODGE KS CLIMATE SUMMARY FOR THE MONTH OF NOVEMBER 2023...
CLIMATE NORMAL PERIOD 1991 TO 2020
CLIMATE RECORD PERIOD 1893 TO 2023
WEATHER OBSERVED NORMAL DEPART LAST YEAR`S
VALUE DATE(S) VALUE FROM VALUE DATE(S)
NORMAL
................................................................
TEMPERATURE (F)
RECORD
HIGH 91 11/08/2006
LOW 0 11/29/1976
HIGHEST 76 11/03 MM MM 79 11/01
11/07
LOWEST 15 11/26 MM MM 11 11/19
11/27
AVG. MAXIMUM 62.5 58.3 4.2 56.5
AVG. MINIMUM 34.1 32.9 1.2 30.5
MEAN 48.3 45.6 2.7 43.5
DAYS MAX >= 90 0 0.0 0.0 0
DAYS MAX <= 32 1 0.4 0.6 0
DAYS MIN <= 32 14 14.5 -0.5 19
DAYS MIN <= 0 0 0.0 0.0 0
PRECIPITATION (INCHES)
RECORD
MAXIMUM 7.06 1909
MINIMUM 0.00 1945
TOTALS 2.36 1.10 1.26 1.09
DAYS >= .01 5 4.4 0.6 8
DAYS >= .10 4 2.3 1.7 2
DAYS >= .50 3 0.5 2.5 1
DAYS >= 1.00 0 0.2 -0.2 0
GREATEST
24 HR. TOTAL 0.89 11/19 TO 11/20 0.74 11/04 TO 11/05
DEGREE DAYS
HEATING TOTAL 494 583 -89 645
SINCE 7/1 711 856 -146 834
COOLING TOTAL 0 1 -1 6
SINCE 1/1 1885 1821 64 2207
................................................................
WIND (MPH)
AVERAGE WIND SPEED 7.5
RESULTANT WIND SPEED/DIRECTION 1/070
HIGHEST WIND SPEED/DIRECTION 28/340 DATE 11/21
HIGHEST GUST SPEED/DIRECTION 42/340 DATE 11/21
AVERAGE RH (PERCENT) 62
- INDICATES NEGATIVE NUMBERS.
R INDICATES RECORD WAS SET OR TIED.
MM INDICATES DATA IS MISSING.
T INDICATES TRACE AMOUNT.
$$