000
CXUS54 KLZK 010838
CLMPBF
CLIMATE REPORT
NATIONAL WEATHER SERVICE LITTLE ROCK AR
338 AM CDT SUN OCT 01 2023
...................................
...THE PINE BLUFF CLIMATE SUMMARY FOR THE MONTH OF SEPTEMBER 2023...
CLIMATE NORMAL PERIOD 1991 TO 2020
CLIMATE RECORD PERIOD 1883 TO 2023
WEATHER OBSERVED NORMAL DEPART LAST YEAR`S
VALUE DATE(S) VALUE FROM VALUE DATE(S)
NORMAL
................................................................
TEMPERATURE (F)
RECORD
HIGH 110 09/06/1925
09/05/1925
LOW 38 09/29/1967
HIGHEST 104 09/06 85 19 100 09/21
LOWEST 56 09/18 64 -8 48 09/30
AVG. MAXIMUM 92.4 85.9 6.5 89.9
AVG. MINIMUM 65.9 63.5 2.4 63.5
MEAN 79.2 74.7 4.5 76.7
DAYS MAX >= 90 22 10.7 11.3 18
DAYS MAX <= 32 0 0.0 0.0 0
DAYS MIN <= 32 0 0.0 0.0 0
DAYS MIN <= 0 0 0.0 0.0 0
PRECIPITATION (INCHES)
RECORD
MAXIMUM 15.44 1913
MINIMUM 0.03 2015
TOTALS 0.49 3.09 -2.60 1.40
DAILY AVG. 0.02 0.10 -0.08 0.05
DAYS >= .01 5 7.0 -2.0 5
DAYS >= .10 1 2
DAYS >= .50 0 1
DAYS >= 1.00 0 1.0 -1.0 1
GREATEST
24 HR. TOTAL 0.26 09/24 TO 09/24
STORM TOTAL 0.26
(MM/DD(HH))
SNOWFALL (INCHES)
RECORDS
TOTAL MM MM
24 HR TOTAL MM
SNOW DEPTH MM MM
TOTALS 0.0 MM MM 0.0
LIQUID EQUIV 0.00 0.00 0.00 0.00
SINCE 7/1 0.0 MM MM MM
LIQUID 7/1 0.00 0.00 0.00 MM
SNOWDEPTH AVG. 0
DAYS >= TRACE 0 MM MM 0
DAYS >= 1.0 0 0
GREATEST
SNOW DEPTH 0
24 HR TOTAL MM MM 0.0
DEGREE DAYS
HEATING TOTAL 0 8 -8 2
SINCE 7/1 0 5 -5 MM
COOLING TOTAL 429 299 130 364
SINCE 1/1 2540 2056 484 MM
FREEZE DATES
RECORD
EARLIEST 10/10/2000
LATEST 04/25/1910
EARLIEST MM
LATEST 03/20
................................................................
WIND (MPH)
AVERAGE WIND SPEED 5.0
HIGHEST WIND SPEED/DIRECTION 31/270 DATE 09/06
HIGHEST GUST SPEED/DIRECTION 43/270 DATE 09/06
SKY COVER
POSSIBLE SUNSHINE (PERCENT) MM
AVERAGE SKY COVER 0.16
NUMBER OF DAYS FAIR 26
NUMBER OF DAYS PC 4
NUMBER OF DAYS CLOUDY 0
WEATHER CONDITIONS. NUMBER OF DAYS WITH
THUNDERSTORM 4 MIXED PRECIP 0
HEAVY RAIN 0 RAIN 0
LIGHT RAIN 8 FREEZING RAIN 0
LT FREEZING RAIN 0 HAIL 0
HEAVY SNOW 0 SLEET 0
FOG 5 FOG W/VIS <= 1/4 MILE 1
HAZE 6
- INDICATES NEGATIVE NUMBERS.
R INDICATES RECORD WAS SET OR TIED.
MM INDICATES DATA IS MISSING.
T INDICATES TRACE AMOUNT.
$$