000
CXUS51 KBTV 010953
CLMPBG
CLIMATE REPORT
NATIONAL WEATHER SERVICE BURLINGTON VT
453 AM EST THU FEB 01 2024
...................................
...THE PLATTSBURGH NY CLIMATE SUMMARY FOR THE MONTH OF JANUARY 2024...
CLIMATE NORMAL PERIOD: 1991 TO 2020
CLIMATE RECORD PERIOD: 1945 TO 2024
WEATHER OBSERVED NORMAL DEPART LAST YEAR`S
VALUE DATE(S) VALUE FROM VALUE DATE(S)
NORMAL
................................................................
TEMPERATURE (F)
RECORD
HIGH 64
LOW -34
HIGHEST 46 01/10 MM MM 46 01/01
01/02
LOWEST -4 01/20 MM MM 0 01/31
AVG. MAXIMUM 30.9 28.2 2.7 33.2
AVG. MINIMUM 17.7 10.0 7.7 21.6
MEAN 24.3 19.1 5.1 27.4
DAYS MAX >= 90 0 0.0 0.0 0
DAYS MAX <= 32 999 18.6 980.4 13
DAYS MIN <= 32 999 29.3 969.7 29
DAYS MIN <= 0 2 7.3 -5.3 1
PRECIPITATION (INCHES)
RECORD
MAXIMUM 9.05 1978
MINIMUM 0.25 1955
TOTALS 2.52 1.41 1.11 3.08
DAILY AVG. 0.08 0.05 0.03 0.10
DAYS >= .01 12 9.4 2.6 16
DAYS >= .10 8 3.2 4.8 7
DAYS >= .50 0 0.6 -0.6 1
DAYS >= 1.00 0 0.1 -0.1 0
GREATEST
24 HR. TOTAL 0.65 01/09 TO 01/10 1.03 01/04 TO 01/05
STORM TOTAL 0.45 0.77
(MM/DD(HH)) MM
DEGREE DAYS
HEATING TOTAL MM 1422 MM 1154
SINCE 7/1 3617 4218 -601 MM
COOLING TOTAL 0 0 0 0
SINCE 1/1 0 0 0 MM
................................................................
WIND (MPH)
AVERAGE WIND SPEED 4.9
HIGHEST WIND SPEED/DIRECTION 25/160 DATE 01/10
HIGHEST GUST SPEED/DIRECTION 36/250 DATE 01/14
SKY COVER
POSSIBLE SUNSHINE (PERCENT) MM
AVERAGE SKY COVER 0.79
NUMBER OF DAYS FAIR 1
NUMBER OF DAYS PC 10
NUMBER OF DAYS CLOUDY 19
AVERAGE RH (PERCENT) 75
WEATHER CONDITIONS. NUMBER OF DAYS WITH
THUNDERSTORM 0 MIXED PRECIP 0
HEAVY RAIN 0 RAIN 2
LIGHT RAIN 6 FREEZING RAIN 0
LT FREEZING RAIN 0 HAIL 0
HEAVY SNOW 1 SNOW 3
LIGHT SNOW 16 SLEET 0
FOG 16 FOG W/VIS <= 1/4 MILE 1
HAZE 3
- INDICATES NEGATIVE NUMBERS.
R INDICATES RECORD WAS SET OR TIED.
MM INDICATES DATA IS MISSING.
T INDICATES TRACE AMOUNT.
$$