000
CXUS51 KPBZ 011346
CLMPHD
CLIMATE REPORT
NATIONAL WEATHER SERVICE PITTSBURGH PA
946 AM EDT MON MAY 01 2023
...................................
...THE NEW PHILADELPHIA OH CLIMATE SUMMARY FOR THE MONTH OF APRIL 2023...
CLIMATE NORMAL PERIOD 1991 TO 2020
CLIMATE RECORD PERIOD 1948 TO 2023
WEATHER OBSERVED NORMAL DEPART LAST YEAR`S
VALUE DATE(S) VALUE FROM VALUE DATE(S)
NORMAL
................................................................
TEMPERATURE (F)
RECORD
HIGH 90 04/28/1990
LOW 10 04/01/1964
HIGHEST 85 04/20 82 3 85 04/23
04/24
LOWEST 27 04/08 23 4 27 04/02
04/20
AVG. MAXIMUM 65.6 63.1 2.5 60.4
AVG. MINIMUM 39.6 39.5 0.1 39.0
MEAN 52.6 51.3 1.3 49.7
DAYS MAX >= 90 0 0.0 0.0 0
DAYS MAX <= 32 0 0.1 -0.1 0
DAYS MIN <= 32 8 7.2 0.8 8
DAYS MIN <= 0 0 0.0 0.0 0
PRECIPITATION (INCHES)
RECORD
MAXIMUM 7.32 1981
MINIMUM 0.76
TOTALS 3.18 3.78 -0.60 3.27
DAILY AVG. 0.11 0.13 -0.02 0.11
DAYS >= .01 12 14.1 -2.1 17
DAYS >= .10 7 8.3 -1.3 9
DAYS >= .50 2 2.6 -0.6 2
DAYS >= 1.00 1 0.5 0.5 0
GREATEST
24 HR. TOTAL 1.04 04/21 TO 04/22 0.74
DEGREE DAYS
HEATING TOTAL 376 418 -42
SINCE 7/1 4716 5366 -650 MM
COOLING TOTAL 10 7 3
SINCE 1/1 10 8 2 MM
................................................................
WIND (MPH)
AVERAGE WIND SPEED 5.2
HIGHEST WIND SPEED/DIRECTION 29/260 DATE 04/01
HIGHEST GUST SPEED/DIRECTION MM DATE MM
AVERAGE RH (PERCENT) 60
WEATHER CONDITIONS. NUMBER OF DAYS WITH
THUNDERSTORM 5 MIXED PRECIP 0
HEAVY RAIN 3 RAIN 5
LIGHT RAIN 14 FREEZING RAIN 0
LT FREEZING RAIN 0 HAIL 0
HEAVY SNOW 0 SNOW 0
LIGHT SNOW 0 SLEET 0
FOG 11 FOG W/VIS <= 1/4 MILE 1
HAZE 3
- INDICATES NEGATIVE NUMBERS.
R INDICATES RECORD WAS SET OR TIED.
MM INDICATES DATA IS MISSING.
T INDICATES TRACE AMOUNT.
$$