000
CXUS53 KUNR 011616
CLMPHP
CLIMATE REPORT
NATIONAL WEATHER SERVICE RAPID CITY SD
1016 AM MDT TUE AUG 01 2023
...................................
...THE PHILIP SD CLIMATE SUMMARY FOR THE MONTH OF JULY 2023...
CLIMATE NORMAL PERIOD 1991 TO 2020
CLIMATE RECORD PERIOD 9999 TO 9999
WEATHER OBSERVED NORMAL DEPART LAST YEAR`S
VALUE DATE(S) VALUE FROM VALUE DATE(S)
NORMAL
................................................................
TEMPERATURE (F)
HIGHEST 106 07/26 110 07/18
LOWEST 46 07/05 48 07/28
AVG. MAXIMUM 88.8 89.5 -0.7 91.6
AVG. MINIMUM 56.5 60.4 -3.9 60.9
MEAN 72.7 75.0 -2.3 76.2
DAYS MAX >= 90 15 19
DAYS MAX <= 32 0 0
DAYS MIN <= 32 0 0
DAYS MIN <= 0 0 0
PRECIPITATION (INCHES)
TOTALS 1.28R 1.83 -0.55 2.00
DAILY AVG. 0.04 0.06 -0.02 0.06
DAYS >= .01 10 9
DAYS >= .10 1 3
DAYS >= .50 1 1
DAYS >= 1.00 0 1
GREATEST
24 HR. TOTAL 0.93 07/11 TO 07/12 1.32
DEGREE DAYS
HEATING TOTAL 9 6 3 0
SINCE 7/1 9 0 9 MM
COOLING TOTAL 255 314 -59 357
SINCE 1/1 449 469 -20 MM
................................................................
WIND (MPH)
AVERAGE WIND SPEED 7.5
HIGHEST WIND SPEED/DIRECTION 40/270 DATE 07/03
HIGHEST GUST SPEED/DIRECTION 60/280 DATE 07/03
AVERAGE RH (PERCENT) 65
WEATHER CONDITIONS. NUMBER OF DAYS WITH
THUNDERSTORM 13 MIXED PRECIP 0
HEAVY RAIN 4 RAIN 2
LIGHT RAIN 11 FREEZING RAIN 0
LT FREEZING RAIN 0 HAIL 0
HEAVY SNOW 0 SNOW 0
LIGHT SNOW 0 SLEET 0
FOG 7 FOG W/VIS <= 1/4 MILE 0
HAZE 5
- INDICATES NEGATIVE NUMBERS.
R INDICATES RECORD WAS SET OR TIED.
MM INDICATES DATA IS MISSING.
T INDICATES TRACE AMOUNT.
$$