000
CXUS54 KMOB 011440
CLMPNS
CLIMATE REPORT
NATIONAL WEATHER SERVICE MOBILE AL
940 AM CDT SAT JUL 01 2023
...................................
...THE PENSACOLA CLIMATE SUMMARY FOR THE MONTH OF JUNE 2023...
CLIMATE NORMAL PERIOD: 1991 TO 2020
CLIMATE RECORD PERIOD: 1879 TO 2023
WEATHER OBSERVED NORMAL DEPART LAST YEAR`S
VALUE DATE(S) VALUE FROM VALUE DATE(S)
NORMAL
................................................................
TEMPERATURE (F)
RECORD
HIGH 102 06/04/2011
06/23/2009
LOW 55 06/11/1913
06/01/1889
HIGHEST 98 06/30 101 06/23
LOWEST 68 06/16 72 06/04
06/05
06/10
06/11
AVG. MAXIMUM 90.2 90.0 0.2 92.4
AVG. MINIMUM 72.9 73.5 -0.6 76.4
MEAN 81.6 81.7 -0.1 84.4
DAYS MAX >= 90 16 13.7 2.3 24
DAYS MAX <= 32 0 0.0 0.0 0
DAYS MIN <= 32 0 0.0 0.0 0
DAYS MIN <= 0 0 0.0 0.0 0
PRECIPITATION (INCHES)
RECORD
MAXIMUM 21.14 1994
MINIMUM 0.26 1954
TOTALS 13.82 7.32 6.50 7.39
DAILY AVG. 0.46 0.24 0.22 0.25
DAYS >= .01 17 12.0 5.0 11
DAYS >= .10 11 8.8 2.2 8
DAYS >= .50 3 3.9 -0.9 8
DAYS >= 1.00 2 1.9 0.1 2
GREATEST
24 HR. TOTAL 10.06 06/15 TO 06/16
DEGREE DAYS
COOLING TOTAL 502 502 0 591
SINCE 1/1 1366 1064 302 1301
................................................................
WIND (MPH)
AVERAGE WIND SPEED 8.0
HIGHEST WIND SPEED/DIRECTION 39/340 DATE 06/18
HIGHEST GUST SPEED/DIRECTION 51/340 DATE 06/18
SKY COVER
POSSIBLE SUNSHINE (PERCENT)
AVERAGE SKY COVER 0.26
NUMBER OF DAYS FAIR 21
NUMBER OF DAYS PC 8
NUMBER OF DAYS CLOUDY 1
AVERAGE RH (PERCENT) 71
WEATHER CONDITIONS. NUMBER OF DAYS WITH
THUNDERSTORM 20 MIXED PRECIP 0
HEAVY RAIN 12 RAIN 8
LIGHT RAIN 16 FREEZING RAIN 0
LT FREEZING RAIN 0 HAIL 0
HEAVY SNOW 0 SNOW 0
LIGHT SNOW 0 SLEET 0
FOG 11 FOG W/VIS <= 1/4 MILE 0
HAZE 6
- INDICATES NEGATIVE NUMBERS.
R INDICATES RECORD WAS SET OR TIED.
MM INDICATES DATA IS MISSING.
T INDICATES TRACE AMOUNT.
$$