000
CXUS51 KALY 010826
CLMPOU
CLIMATE REPORT
NATIONAL WEATHER SERVICE ALBANY NY
426 AM EDT WED NOV 01 2023
...................................
...THE POUGHKEEPSIE NY CLIMATE SUMMARY FOR THE MONTH OF OCTOBER 2023...
CLIMATE NORMAL PERIOD: 1991 TO 2020
CLIMATE RECORD PERIOD: 1931 TO 2023
WEATHER OBSERVED NORMAL DEPART LAST YEAR`S
VALUE DATE(S) VALUE FROM VALUE DATE(S)
NORMAL
................................................................
TEMPERATURE (F)
RECORD
HIGH 91 10/05/1941
LOW 18 10/31/1988
10/20/1974
10/21/1952
HIGHEST 85 10/04 75 10/07
10/25
10/26
LOWEST 34 10/24 26 10/30
10/31
AVG. MAXIMUM 67.0 63.3 3.7 63.8
AVG. MINIMUM 46.7 41.1 5.6 41.0
MEAN 56.8 52.2 4.6 52.4
DAYS MAX >= 90 0 0.0 0.0 0
DAYS MAX <= 32 0 0.0 0.0 0
DAYS MIN <= 32 0 5.7 -5.7 6
DAYS MIN <= 0 0 0.0 0.0 0
PRECIPITATION (INCHES)
RECORD
MAXIMUM 17.59 2005
MINIMUM 0.36 1963
TOTALS 3.30 3.73 -0.43 3.17
DAILY AVG. 0.11 0.10
DAYS >= .01 8 10.5 -2.5 10
DAYS >= .10 6 6.0 0.0 6
DAYS >= .50 4 2.6 1.4 3
DAYS >= 1.00 0 1.1 -1.1 0
GREATEST
24 HR. TOTAL 1.19 10/20 TO 10/21
DEGREE DAYS
HEATING TOTAL 262 403 -141 385
SINCE 7/1 372 521 -149 MM
COOLING TOTAL 18 6 12 4
SINCE 1/1 775 744 31 MM
................................................................
WIND (MPH)
AVERAGE WIND SPEED 3.5
HIGHEST WIND SPEED/DIRECTION 22/290 DATE 10/22
HIGHEST GUST SPEED/DIRECTION 30/300 DATE 10/21
SKY COVER
AVERAGE SKY COVER 0.50
AVERAGE RH (PERCENT) 74
WEATHER CONDITIONS. NUMBER OF DAYS WITH
THUNDERSTORM 0 MIXED PRECIP 0
HEAVY RAIN 2 RAIN 5
LIGHT RAIN 10 FREEZING RAIN 0
LT FREEZING RAIN 0 HAIL 0
HEAVY SNOW 0 SNOW 0
LIGHT SNOW 0 SLEET 0
FOG 18 FOG W/VIS <= 1/4 MILE 5
HAZE 2
- INDICATES NEGATIVE NUMBERS.
R INDICATES RECORD WAS SET OR TIED.
MM INDICATES DATA IS MISSING.
T INDICATES TRACE AMOUNT.
$$